CRAN Package Check Results for Package gimme

Last updated on 2025-05-22 05:51:03 CEST.

Flavor Version Tinstall Tcheck Ttotal Status Flags
r-devel-linux-x86_64-debian-clang 0.8 19.26 136.31 155.57 OK
r-devel-linux-x86_64-debian-gcc 0.8 10.60 93.93 104.53 OK
r-devel-linux-x86_64-fedora-clang 0.8.1 244.92 OK
r-devel-linux-x86_64-fedora-gcc 0.8.1 243.97 OK
r-devel-windows-x86_64 0.8.1 20.00 139.00 159.00 OK
r-patched-linux-x86_64 0.8 18.64 127.12 145.76 OK
r-release-linux-x86_64 0.8 18.73 126.04 144.77 OK
r-release-macos-arm64 0.8.1 69.00 OK
r-release-macos-x86_64 0.8.1 108.00 ERROR
r-release-windows-x86_64 0.8 22.00 174.00 196.00 OK
r-oldrel-macos-arm64 0.8.1 93.00 OK
r-oldrel-macos-x86_64 0.8.1 106.00 OK
r-oldrel-windows-x86_64 0.8 29.00 165.00 194.00 OK

Check Details

Version: 0.8.1
Check: whether package can be installed
Result: ERROR Installation failed. Flavor: r-release-macos-x86_64