CRAN Package Check Results for Package ggarrow

Last updated on 2025-05-22 05:51:02 CEST.

Flavor Version Tinstall Tcheck Ttotal Status Flags
r-devel-linux-x86_64-debian-clang 0.1.0 8.66 107.85 116.51 NOTE
r-devel-linux-x86_64-debian-gcc 0.1.0 5.57 76.38 81.95 NOTE
r-devel-linux-x86_64-fedora-clang 0.1.0 180.92 OK
r-devel-linux-x86_64-fedora-gcc 0.1.0 186.23 OK
r-devel-windows-x86_64 0.1.0 11.00 118.00 129.00 NOTE
r-patched-linux-x86_64 0.1.0 9.46 100.56 110.02 NOTE
r-release-linux-x86_64 0.1.0 8.18 100.72 108.90 NOTE
r-release-macos-arm64 0.1.0 132.00 OK
r-release-macos-x86_64 0.1.0 100.00 OK
r-release-windows-x86_64 0.1.0 12.00 118.00 130.00 NOTE
r-oldrel-macos-arm64 0.1.0 56.00 OK
r-oldrel-macos-x86_64 0.1.0 135.00 OK
r-oldrel-windows-x86_64 0.1.0 13.00 142.00 155.00 OK

Check Details

Version: 0.1.0
Check: Rd cross-references
Result: NOTE Found the following Rd file(s) with Rd \link{} targets missing package anchors: geom_arrow.Rd: aes_position, aes_colour_fill_alpha, aes_group_order, aes_linetype_size_shape geom_arrow_chain.Rd: aes_position, aes_colour_fill_alpha, aes_group_order, aes_linetype_size_shape geom_arrow_curve.Rd: aes_position, aes_colour_fill_alpha, aes_group_order, aes_linetype_size_shape geom_arrow_segment.Rd: aes_position, aes_colour_fill_alpha, aes_group_order, aes_linetype_size_shape Please provide package anchors for all Rd \link{} targets not in the package itself and the base packages. Flavors: r-devel-linux-x86_64-debian-clang, r-devel-linux-x86_64-debian-gcc, r-devel-windows-x86_64, r-patched-linux-x86_64, r-release-linux-x86_64, r-release-windows-x86_64