Last updated on 2025-05-22 05:51:02 CEST.
Flavor | Version | Tinstall | Tcheck | Ttotal | Status | Flags |
---|---|---|---|---|---|---|
r-devel-linux-x86_64-debian-clang | 0.7.4 | 42.12 | 51.19 | 93.31 | NOTE | |
r-devel-linux-x86_64-debian-gcc | 0.7.4 | 26.52 | 36.97 | 63.49 | NOTE | |
r-devel-linux-x86_64-fedora-clang | 0.7.4 | 143.05 | OK | |||
r-devel-linux-x86_64-fedora-gcc | 0.7.4 | 151.78 | OK | |||
r-devel-windows-x86_64 | 0.7.4 | 51.00 | 94.00 | 145.00 | OK | |
r-patched-linux-x86_64 | 0.7.4 | 37.28 | 48.94 | 86.22 | NOTE | |
r-release-linux-x86_64 | 0.7.4 | 35.73 | 48.86 | 84.59 | NOTE | |
r-release-macos-arm64 | 0.7.4 | 48.00 | OK | |||
r-release-macos-x86_64 | 0.7.4 | 70.00 | OK | |||
r-release-windows-x86_64 | 0.7.4 | 53.00 | 114.00 | 167.00 | OK | |
r-oldrel-macos-arm64 | 0.7.4 | 59.00 | OK | |||
r-oldrel-macos-x86_64 | 0.7.4 | 67.00 | OK | |||
r-oldrel-windows-x86_64 | 0.7.4 | 47.00 | 89.00 | 136.00 | OK |
Version: 0.7.4
Check: for unstated dependencies in ‘demo’
Result: NOTE
'::' or ':::' import not declared from: ‘geoR’
'library' or 'require' calls not declared from:
‘geoR’ ‘mcmcplots’
Flavors: r-devel-linux-x86_64-debian-clang, r-devel-linux-x86_64-debian-gcc, r-patched-linux-x86_64, r-release-linux-x86_64