Last updated on 2025-05-22 05:51:02 CEST.
Flavor | Version | Tinstall | Tcheck | Ttotal | Status | Flags |
---|---|---|---|---|---|---|
r-devel-linux-x86_64-debian-clang | 1.0.0 | 7.53 | 76.68 | 84.21 | OK | |
r-devel-linux-x86_64-debian-gcc | 1.0.0 | 5.55 | 57.50 | 63.05 | OK | |
r-devel-linux-x86_64-fedora-clang | 1.0.0 | 131.14 | OK | |||
r-devel-linux-x86_64-fedora-gcc | 1.0.0 | 140.38 | OK | |||
r-devel-windows-x86_64 | 1.0.0 | 8.00 | 103.00 | 111.00 | OK | |
r-patched-linux-x86_64 | 1.0.0 | 7.12 | 73.33 | 80.45 | OK | |
r-release-linux-x86_64 | 1.0.0 | 7.05 | 73.16 | 80.21 | OK | |
r-release-macos-arm64 | 1.0.0 | 49.00 | OK | |||
r-release-macos-x86_64 | 1.0.0 | 91.00 | OK | |||
r-release-windows-x86_64 | 1.0.0 | 8.00 | 112.00 | 120.00 | OK | |
r-oldrel-macos-arm64 | 1.0.0 | 45.00 | NOTE | |||
r-oldrel-macos-x86_64 | 1.0.0 | 68.00 | NOTE | |||
r-oldrel-windows-x86_64 | 1.0.0 | 11.00 | 106.00 | 117.00 | NOTE |
Version: 1.0.0
Check: LazyData
Result: NOTE
'LazyData' is specified without a 'data' directory
Flavors: r-oldrel-macos-arm64, r-oldrel-macos-x86_64, r-oldrel-windows-x86_64