Last updated on 2025-05-22 05:51:02 CEST.
Flavor | Version | Tinstall | Tcheck | Ttotal | Status | Flags |
---|---|---|---|---|---|---|
r-devel-linux-x86_64-debian-clang | 0.4.5 | 7.45 | 66.47 | 73.92 | NOTE | |
r-devel-linux-x86_64-debian-gcc | 0.4.5 | 5.77 | 46.36 | 52.13 | NOTE | |
r-devel-linux-x86_64-fedora-clang | 0.4.5 | 112.96 | OK | |||
r-devel-linux-x86_64-fedora-gcc | 0.4.5 | 108.05 | OK | |||
r-devel-windows-x86_64 | 0.4.5 | 9.00 | 109.00 | 118.00 | OK | |
r-patched-linux-x86_64 | 0.4.5 | 8.16 | 61.46 | 69.62 | OK | |
r-release-linux-x86_64 | 0.4.5 | 7.05 | 60.79 | 67.84 | OK | |
r-release-macos-arm64 | 0.4.5 | 50.00 | OK | |||
r-release-macos-x86_64 | 0.4.5 | 61.00 | OK | |||
r-release-windows-x86_64 | 0.4.5 | 10.00 | 123.00 | 133.00 | OK | |
r-oldrel-macos-arm64 | 0.4.5 | 32.00 | OK | |||
r-oldrel-macos-x86_64 | 0.4.5 | 53.00 | OK | |||
r-oldrel-windows-x86_64 | 0.4.5 | 11.00 | 100.00 | 111.00 | OK |
Version: 0.4.5
Check: CRAN incoming feasibility
Result: NOTE
Maintainer: ‘Carlos Miranda <carlos.miranda@unavarra.es>’
No Authors@R field in DESCRIPTION.
Please add one, modifying
Authors@R: person(given = "Carlos",
family = "Miranda",
role = c("aut", "cre"),
email = "carlos.miranda@unavarra.es")
as necessary.
Flavors: r-devel-linux-x86_64-debian-clang, r-devel-linux-x86_64-debian-gcc