CRAN Package Check Results for Package freqdom.fda

Last updated on 2025-05-22 05:51:02 CEST.

Flavor Version Tinstall Tcheck Ttotal Status Flags
r-devel-linux-x86_64-debian-clang 1.0.1 8.04 129.48 137.52 NOTE
r-devel-linux-x86_64-debian-gcc 1.0.1 5.51 91.14 96.65 NOTE
r-devel-linux-x86_64-fedora-clang 1.0.1 207.79 OK
r-devel-linux-x86_64-fedora-gcc 1.0.1 216.14 OK
r-devel-windows-x86_64 1.0.1 9.00 152.00 161.00 NOTE
r-patched-linux-x86_64 1.0.1 8.63 125.50 134.13 NOTE
r-release-linux-x86_64 1.0.1 8.08 125.91 133.99 NOTE
r-release-macos-arm64 1.0.1 63.00 OK
r-release-macos-x86_64 1.0.1 135.00 OK
r-release-windows-x86_64 1.0.1 9.00 178.00 187.00 NOTE
r-oldrel-macos-arm64 1.0.1 62.00 OK
r-oldrel-macos-x86_64 1.0.1 98.00 OK
r-oldrel-windows-x86_64 1.0.1 12.00 177.00 189.00 OK

Check Details

Version: 1.0.1
Check: CRAN incoming feasibility
Result: NOTE Maintainer: ‘Kidzinski L. <lukasz.kidzinski@stanford.edu>’ No Authors@R field in DESCRIPTION. Please add one, modifying Authors@R: c(person(given = "Hormann", family = "S.", role = "aut"), person(given = "Kidzinski", family = "L.", role = c("aut", "cre"), email = "lukasz.kidzinski@stanford.edu")) as necessary. Flavors: r-devel-linux-x86_64-debian-clang, r-devel-linux-x86_64-debian-gcc

Version: 1.0.1
Check: Rd cross-references
Result: NOTE Found the following Rd file(s) with Rd \link{} targets missing package anchors: fts.freqdom.Rd: freqdom Please provide package anchors for all Rd \link{} targets not in the package itself and the base packages. Flavors: r-devel-linux-x86_64-debian-clang, r-devel-linux-x86_64-debian-gcc, r-devel-windows-x86_64, r-patched-linux-x86_64, r-release-linux-x86_64, r-release-windows-x86_64

Version: 1.0.1
Check: for unstated dependencies in ‘demo’
Result: NOTE 'library' or 'require' call not declared from: ‘tseries’ Flavors: r-devel-linux-x86_64-debian-clang, r-devel-linux-x86_64-debian-gcc, r-patched-linux-x86_64, r-release-linux-x86_64