CRAN Package Check Results for Package fplot

Last updated on 2025-05-22 05:51:01 CEST.

Flavor Version Tinstall Tcheck Ttotal Status Flags
r-devel-linux-x86_64-debian-clang 1.1.0 26.06 54.06 80.12 NOTE
r-devel-linux-x86_64-debian-gcc 1.1.0 15.64 38.27 53.91 NOTE
r-devel-linux-x86_64-fedora-clang 1.1.0 130.15 NOTE
r-devel-linux-x86_64-fedora-gcc 1.1.0 133.50 NOTE
r-devel-windows-x86_64 1.1.0 24.00 102.00 126.00 NOTE
r-patched-linux-x86_64 1.1.0 20.09 50.19 70.28 NOTE
r-release-linux-x86_64 1.1.0 19.72 50.68 70.40 NOTE
r-release-macos-arm64 1.1.0 51.00 NOTE
r-release-macos-x86_64 1.1.0 77.00 NOTE
r-release-windows-x86_64 1.1.0 26.00 127.00 153.00 NOTE
r-oldrel-macos-arm64 1.1.0 41.00 NOTE
r-oldrel-macos-x86_64 1.1.0 61.00 NOTE
r-oldrel-windows-x86_64 1.1.0 31.00 101.00 132.00 NOTE

Check Details

Version: 1.1.0
Check: Rd files
Result: NOTE checkRd: (-1) plot_lines.Rd:66: Lost braces 66 | moderator. By default it is equal to \8code{c(19, 17, 15, 8, 5, 4, 3, 1)}.} | ^ Flavors: r-devel-linux-x86_64-debian-clang, r-devel-linux-x86_64-debian-gcc, r-devel-linux-x86_64-fedora-clang, r-devel-linux-x86_64-fedora-gcc, r-devel-windows-x86_64, r-patched-linux-x86_64, r-release-linux-x86_64, r-release-macos-arm64, r-release-macos-x86_64, r-release-windows-x86_64, r-oldrel-macos-arm64, r-oldrel-macos-x86_64, r-oldrel-windows-x86_64