CRAN Package Check Results for Package fourPNO

Last updated on 2025-05-22 05:51:01 CEST.

Flavor Version Tinstall Tcheck Ttotal Status Flags
r-devel-linux-x86_64-debian-clang 1.1.0 24.89 24.92 49.81 NOTE
r-devel-linux-x86_64-debian-gcc 1.1.0 17.95 19.90 37.85 NOTE
r-devel-linux-x86_64-fedora-clang 1.1.0 85.90 NOTE
r-devel-linux-x86_64-fedora-gcc 1.1.0 89.82 NOTE
r-devel-windows-x86_64 1.1.0 29.00 95.00 124.00 NOTE
r-patched-linux-x86_64 1.1.0 24.48 23.14 47.62 NOTE
r-release-linux-x86_64 1.1.0 25.04 23.58 48.62 NOTE
r-release-macos-arm64 1.1.0 29.00 NOTE
r-release-macos-x86_64 1.1.0 42.00 NOTE
r-release-windows-x86_64 1.1.0 29.00 128.00 157.00 NOTE
r-oldrel-macos-arm64 1.1.0 26.00 NOTE
r-oldrel-macos-x86_64 1.1.0 39.00 NOTE
r-oldrel-windows-x86_64 1.1.0 33.00 76.00 109.00 NOTE

Check Details

Version: 1.1.0
Check: CRAN incoming feasibility
Result: NOTE Maintainer: ‘Steven Andrew Culpepper <sculpepp@illinois.edu>’ Package CITATION file contains call(s) to old-style personList() or as.personList(). Please use c() on person objects instead. Package CITATION file contains call(s) to old-style citEntry(). Please use bibentry() instead. Flavors: r-devel-linux-x86_64-debian-clang, r-devel-linux-x86_64-debian-gcc

Version: 1.1.0
Check: C++ specification
Result: NOTE Specified C++11: please drop specification unless essential Flavors: r-devel-linux-x86_64-debian-clang, r-devel-linux-x86_64-debian-gcc, r-devel-linux-x86_64-fedora-clang, r-devel-linux-x86_64-fedora-gcc, r-devel-windows-x86_64, r-patched-linux-x86_64, r-release-linux-x86_64, r-release-macos-arm64, r-release-macos-x86_64, r-release-windows-x86_64, r-oldrel-macos-arm64, r-oldrel-macos-x86_64, r-oldrel-windows-x86_64