Last updated on 2025-05-22 05:51:01 CEST.
Flavor | Version | Tinstall | Tcheck | Ttotal | Status | Flags |
---|---|---|---|---|---|---|
r-devel-linux-x86_64-debian-clang | 5.0.19 | 7.23 | 278.85 | 286.08 | NOTE | |
r-devel-linux-x86_64-debian-gcc | 5.0.19 | 5.57 | 164.32 | 169.89 | NOTE | |
r-devel-linux-x86_64-fedora-clang | 5.0.19 | 456.87 | OK | |||
r-devel-linux-x86_64-fedora-gcc | 5.0.19 | 449.76 | OK | |||
r-devel-windows-x86_64 | 5.0.19 | 10.00 | 292.00 | 302.00 | NOTE | |
r-patched-linux-x86_64 | 5.0.19 | 9.18 | 265.40 | 274.58 | NOTE | |
r-release-linux-x86_64 | 5.0.19 | 7.88 | 263.48 | 271.36 | NOTE | |
r-release-macos-arm64 | 5.0.19 | 118.00 | OK | |||
r-release-macos-x86_64 | 5.0.19 | 393.00 | OK | |||
r-release-windows-x86_64 | 5.0.19 | 10.00 | 294.00 | 304.00 | NOTE | |
r-oldrel-macos-arm64 | 5.0.19 | 107.00 | NOTE | |||
r-oldrel-macos-x86_64 | 5.0.19 | 260.00 | NOTE | |||
r-oldrel-windows-x86_64 | 5.0.19 | 13.00 | 402.00 | 415.00 | NOTE |
Version: 5.0.19
Check: Rd cross-references
Result: NOTE
Found the following Rd file(s) with Rd \link{} targets missing package
anchors:
cvts.Rd: forecast
fitted.hybridModel.Rd: accuracy
plot.hybridModel.Rd: autoplot
plotFitted.Rd: autoplot
plotModelObjects.Rd: autoplot
residuals.hybridModel.Rd: accuracy
Please provide package anchors for all Rd \link{} targets not in the
package itself and the base packages.
Flavors: r-devel-linux-x86_64-debian-clang, r-devel-linux-x86_64-debian-gcc, r-devel-windows-x86_64, r-patched-linux-x86_64, r-release-linux-x86_64, r-release-windows-x86_64
Version: 5.0.19
Check: LazyData
Result: NOTE
'LazyData' is specified without a 'data' directory
Flavors: r-oldrel-macos-arm64, r-oldrel-macos-x86_64, r-oldrel-windows-x86_64