Last updated on 2025-05-22 05:51:01 CEST.
Flavor | Version | Tinstall | Tcheck | Ttotal | Status | Flags |
---|---|---|---|---|---|---|
r-devel-linux-x86_64-debian-clang | 0.1.0 | 2.60 | 24.16 | 26.76 | NOTE | |
r-devel-linux-x86_64-debian-gcc | 0.1.0 | 1.79 | 18.15 | 19.94 | NOTE | |
r-devel-linux-x86_64-fedora-clang | 0.1.0 | 44.66 | NOTE | |||
r-devel-linux-x86_64-fedora-gcc | 0.1.0 | 39.39 | NOTE | |||
r-devel-windows-x86_64 | 0.1.0 | 5.00 | 55.00 | 60.00 | NOTE | |
r-patched-linux-x86_64 | 0.1.0 | 2.60 | 22.88 | 25.48 | NOTE | |
r-release-linux-x86_64 | 0.1.0 | 2.32 | 22.84 | 25.16 | NOTE | |
r-release-macos-arm64 | 0.1.0 | 17.00 | NOTE | |||
r-release-macos-x86_64 | 0.1.0 | 30.00 | NOTE | |||
r-release-windows-x86_64 | 0.1.0 | 5.00 | 70.00 | 75.00 | NOTE | |
r-oldrel-macos-arm64 | 0.1.0 | 17.00 | NOTE | |||
r-oldrel-macos-x86_64 | 0.1.0 | 25.00 | NOTE | |||
r-oldrel-windows-x86_64 | 0.1.0 | 3.00 | 50.00 | 53.00 | NOTE |
Version: 0.1.0
Check: Rd files
Result: NOTE
checkRd: (-1) fitmixEM.Rd:51: Escaped LaTeX specials: \&
Flavors: r-devel-linux-x86_64-debian-clang, r-devel-linux-x86_64-debian-gcc, r-devel-linux-x86_64-fedora-clang, r-devel-linux-x86_64-fedora-gcc, r-devel-windows-x86_64, r-patched-linux-x86_64, r-release-linux-x86_64, r-release-macos-arm64, r-release-macos-x86_64, r-release-windows-x86_64, r-oldrel-macos-arm64, r-oldrel-macos-x86_64, r-oldrel-windows-x86_64