CRAN Package Check Results for Package filterNHP

Last updated on 2025-05-22 05:51:01 CEST.

Flavor Version Tinstall Tcheck Ttotal Status Flags
r-devel-linux-x86_64-debian-clang 0.1.2 5.11 35.46 40.57 OK
r-devel-linux-x86_64-debian-gcc 0.1.2 3.89 27.50 31.39 OK
r-devel-linux-x86_64-fedora-clang 0.1.2 61.99 NOTE
r-devel-linux-x86_64-fedora-gcc 0.1.2 58.96 NOTE
r-devel-windows-x86_64 0.1.2 10.00 68.00 78.00 OK
r-patched-linux-x86_64 0.1.2 5.02 32.83 37.85 OK
r-release-linux-x86_64 0.1.2 5.03 32.98 38.01 OK
r-release-macos-arm64 0.1.2 29.00 OK
r-release-macos-x86_64 0.1.2 39.00 OK
r-release-windows-x86_64 0.1.2 9.00 78.00 87.00 OK
r-oldrel-macos-arm64 0.1.2 22.00 OK
r-oldrel-macos-x86_64 0.1.2 33.00 OK
r-oldrel-windows-x86_64 0.1.2 10.00 60.00 70.00 OK

Check Details

Version: 0.1.2
Check: dependencies in R code
Result: NOTE Namespaces in Imports field not imported from: ‘rclipboard’ ‘shinyBS’ ‘shinyWidgets’ ‘shinyjs’ All declared Imports should be used. Flavors: r-devel-linux-x86_64-fedora-clang, r-devel-linux-x86_64-fedora-gcc