Last updated on 2025-05-22 05:51:01 CEST.
Flavor | Version | Tinstall | Tcheck | Ttotal | Status | Flags |
---|---|---|---|---|---|---|
r-devel-linux-x86_64-debian-clang | 0.0.4 | 1.96 | 24.09 | 26.05 | NOTE | |
r-devel-linux-x86_64-debian-gcc | 0.0.4 | 1.75 | 19.43 | 21.18 | NOTE | |
r-devel-linux-x86_64-fedora-clang | 0.0.4 | 40.15 | NOTE | |||
r-devel-linux-x86_64-fedora-gcc | 0.0.4 | 37.77 | NOTE | |||
r-devel-windows-x86_64 | 0.0.4 | 5.00 | 59.00 | 64.00 | NOTE | |
r-patched-linux-x86_64 | 0.0.4 | 2.17 | 22.28 | 24.45 | NOTE | |
r-release-linux-x86_64 | 0.0.4 | 2.27 | 22.34 | 24.61 | NOTE | |
r-release-macos-arm64 | 0.0.4 | 18.00 | NOTE | |||
r-release-macos-x86_64 | 0.0.4 | 29.00 | NOTE | |||
r-release-windows-x86_64 | 0.0.4 | 5.00 | 63.00 | 68.00 | NOTE | |
r-oldrel-macos-arm64 | 0.0.4 | 19.00 | OK | |||
r-oldrel-macos-x86_64 | 0.0.4 | 27.00 | OK | |||
r-oldrel-windows-x86_64 | 0.0.4 | 5.00 | 51.00 | 56.00 | OK |
Version: 0.0.4
Check: DESCRIPTION meta-information
Result: NOTE
Missing dependency on R >= 4.1.0 because package code uses the pipe
|> or function shorthand \(...) syntax added in R 4.1.0.
File(s) using such syntax:
‘add.R’ ‘comments.R’ ‘create.R’ ‘delete.R’ ‘finish_upload.R’ ‘map.R’
‘map_elements.R’ ‘proc.R’ ‘style.R’ ‘user.R’
Flavors: r-devel-linux-x86_64-debian-clang, r-devel-linux-x86_64-debian-gcc, r-devel-linux-x86_64-fedora-clang, r-devel-linux-x86_64-fedora-gcc, r-devel-windows-x86_64, r-patched-linux-x86_64, r-release-linux-x86_64, r-release-macos-arm64, r-release-macos-x86_64, r-release-windows-x86_64