Last updated on 2025-05-22 05:51:01 CEST.
Flavor | Version | Tinstall | Tcheck | Ttotal | Status | Flags |
---|---|---|---|---|---|---|
r-devel-linux-x86_64-debian-clang | 0.1.1 | 49.21 | 25.56 | 74.77 | OK | |
r-devel-linux-x86_64-debian-gcc | 0.1.1 | 31.66 | 20.19 | 51.85 | OK | |
r-devel-linux-x86_64-fedora-clang | 0.1.1 | 143.88 | OK | |||
r-devel-linux-x86_64-fedora-gcc | 0.1.1 | 132.48 | OK | |||
r-devel-windows-x86_64 | 0.1.1 | 31.00 | 77.00 | 108.00 | NOTE | |
r-patched-linux-x86_64 | 0.1.1 | 43.36 | 23.47 | 66.83 | OK | |
r-release-linux-x86_64 | 0.1.1 | 43.86 | 23.73 | 67.59 | OK | |
r-release-macos-arm64 | 0.1.1 | 36.00 | OK | |||
r-release-macos-x86_64 | 0.1.1 | 52.00 | OK | |||
r-release-windows-x86_64 | 0.1.1 | 30.00 | 89.00 | 119.00 | NOTE | |
r-oldrel-macos-arm64 | 0.1.1 | 34.00 | NOTE | |||
r-oldrel-macos-x86_64 | 0.1.1 | 49.00 | NOTE | |||
r-oldrel-windows-x86_64 | 0.1.1 | 34.00 | 71.00 | 105.00 | NOTE |
Version: 0.1.1
Check: C++ specification
Result: NOTE
Specified C++11: please drop specification unless essential
Flavors: r-devel-windows-x86_64, r-release-windows-x86_64, r-oldrel-windows-x86_64
Version: 0.1.1
Check: LazyData
Result: NOTE
'LazyData' is specified without a 'data' directory
Flavors: r-oldrel-macos-arm64, r-oldrel-macos-x86_64, r-oldrel-windows-x86_64