Last updated on 2025-05-22 05:51:01 CEST.
Flavor | Version | Tinstall | Tcheck | Ttotal | Status | Flags |
---|---|---|---|---|---|---|
r-devel-linux-x86_64-debian-clang | 0.0.3 | 97.02 | 53.77 | 150.79 | NOTE | |
r-devel-linux-x86_64-debian-gcc | 0.0.3 | 83.98 | 50.20 | 134.18 | NOTE | |
r-devel-linux-x86_64-fedora-clang | 0.0.3 | 242.19 | NOTE | |||
r-devel-linux-x86_64-fedora-gcc | 0.0.3 | 346.56 | NOTE | |||
r-devel-windows-x86_64 | 0.0.3 | 106.00 | 124.00 | 230.00 | NOTE | |
r-patched-linux-x86_64 | 0.0.3 | 113.47 | 61.03 | 174.50 | NOTE | |
r-release-linux-x86_64 | 0.0.3 | 111.20 | 61.67 | 172.87 | NOTE | |
r-release-macos-arm64 | 0.0.3 | 97.00 | NOTE | |||
r-release-macos-x86_64 | 0.0.3 | 169.00 | NOTE | |||
r-release-windows-x86_64 | 0.0.3 | 106.00 | 143.00 | 249.00 | NOTE | |
r-oldrel-macos-arm64 | 0.0.3 | 81.00 | NOTE | |||
r-oldrel-macos-x86_64 | 0.0.3 | 115.00 | NOTE | |||
r-oldrel-windows-x86_64 | 0.0.3 | 129.00 | 116.00 | 245.00 | NOTE |
Version: 0.0.3
Check: C++ specification
Result: NOTE
Specified C++11: please drop specification unless essential
Flavors: r-devel-linux-x86_64-debian-clang, r-devel-linux-x86_64-debian-gcc, r-devel-linux-x86_64-fedora-clang, r-devel-linux-x86_64-fedora-gcc, r-devel-windows-x86_64, r-patched-linux-x86_64, r-release-linux-x86_64, r-release-macos-arm64, r-release-macos-x86_64, r-release-windows-x86_64, r-oldrel-macos-arm64, r-oldrel-macos-x86_64, r-oldrel-windows-x86_64
Version: 0.0.3
Check: installed package size
Result: NOTE
installed size is 50.4Mb
sub-directories of 1Mb or more:
libs 50.2Mb
Flavors: r-oldrel-macos-arm64, r-oldrel-macos-x86_64