CRAN Package Check Results for Package fableCount

Last updated on 2025-05-23 05:52:26 CEST.

Flavor Version Tinstall Tcheck Ttotal Status Flags
r-devel-linux-x86_64-debian-clang 0.1.0 9.43 78.78 88.21 NOTE
r-devel-linux-x86_64-debian-gcc 0.1.0 6.51 54.86 61.37 NOTE
r-devel-linux-x86_64-fedora-clang 0.1.0 135.54 NOTE
r-devel-linux-x86_64-fedora-gcc 0.1.0 129.79 NOTE
r-devel-windows-x86_64 0.1.0 13.00 87.00 100.00 NOTE
r-patched-linux-x86_64 0.1.0 8.07 70.63 78.70 NOTE
r-release-linux-x86_64 0.1.0 8.25 71.27 79.52 NOTE
r-release-macos-arm64 0.1.0 34.00 NOTE
r-release-macos-x86_64 0.1.0 64.00 NOTE
r-release-windows-x86_64 0.1.0 9.00 107.00 116.00 NOTE
r-oldrel-macos-arm64 0.1.0 35.00 OK
r-oldrel-macos-x86_64 0.1.0 53.00 OK
r-oldrel-windows-x86_64 0.1.0 14.00 107.00 121.00 OK

Check Details

Version: 0.1.0
Check: DESCRIPTION meta-information
Result: NOTE Missing dependency on R >= 4.1.0 because package code uses the pipe |> or function shorthand \(...) syntax added in R 4.1.0. File(s) using such syntax: ‘GLARMA.R’ ‘GLARMA.Rd’ ‘INGARCH.R’ ‘INGARCH.Rd’ ‘fitted.GLARMA.Rd’ ‘fitted.INGARCH.Rd’ ‘forecast.GLARMA.Rd’ ‘forecast.INGARCH.Rd’ ‘glance.GLARMA.Rd’ ‘glance.INGARCH.Rd’ ‘residuals.GLARMA.Rd’ ‘residuals.INGARCH.Rd’ ‘tidy.GLARMA.Rd’ ‘tidy.INGARCH.Rd’ Flavors: r-devel-linux-x86_64-debian-clang, r-devel-linux-x86_64-debian-gcc, r-devel-linux-x86_64-fedora-clang, r-devel-linux-x86_64-fedora-gcc, r-devel-windows-x86_64, r-patched-linux-x86_64, r-release-linux-x86_64, r-release-macos-arm64, r-release-windows-x86_64

Version: 0.1.0
Check: dependencies in R code
Result: NOTE Namespace in Imports field not imported from: ‘tsibbledata’ All declared Imports should be used. Flavors: r-devel-linux-x86_64-fedora-clang, r-devel-linux-x86_64-fedora-gcc

Version: 0.1.0
Check: DESCRIPTION meta-information
Result: NOTE Missing dependency on R >= 4.1.0 because package code uses the pipe |> or function shorthand \(...) syntax added in R 4.1.0. File(s) using such syntax: ‘GLARMA.R’ ‘INGARCH.R’ Flavor: r-release-macos-x86_64