Last updated on 2025-05-22 05:51:01 CEST.
Flavor | Version | Tinstall | Tcheck | Ttotal | Status | Flags |
---|---|---|---|---|---|---|
r-devel-linux-x86_64-debian-clang | 0.2.4 | 2.20 | 40.69 | 42.89 | OK | |
r-devel-linux-x86_64-debian-gcc | 0.2.4 | 1.53 | 32.57 | 34.10 | OK | |
r-devel-linux-x86_64-fedora-clang | 0.2.4 | 67.82 | OK | |||
r-devel-linux-x86_64-fedora-gcc | 0.2.4 | 78.12 | OK | |||
r-devel-windows-x86_64 | 0.2.4 | 5.00 | 59.00 | 64.00 | OK | |
r-patched-linux-x86_64 | 0.2.4 | 2.38 | 39.01 | 41.39 | OK | |
r-release-linux-x86_64 | 0.2.4 | 2.28 | 38.98 | 41.26 | OK | |
r-release-macos-arm64 | 0.2.4 | 31.00 | OK | |||
r-release-macos-x86_64 | 0.2.4 | 61.00 | OK | |||
r-release-windows-x86_64 | 0.2.4 | 5.00 | 59.00 | 64.00 | OK | |
r-oldrel-macos-arm64 | 0.2.4 | 27.00 | NOTE | |||
r-oldrel-macos-x86_64 | 0.2.4 | 46.00 | NOTE | |||
r-oldrel-windows-x86_64 | 0.2.4 | 5.00 | 67.00 | 72.00 | NOTE |
Version: 0.2.4
Check: LazyData
Result: NOTE
'LazyData' is specified without a 'data' directory
Flavors: r-oldrel-macos-arm64, r-oldrel-macos-x86_64, r-oldrel-windows-x86_64