Last updated on 2025-05-22 05:51:01 CEST.
Flavor | Version | Tinstall | Tcheck | Ttotal | Status | Flags |
---|---|---|---|---|---|---|
r-devel-linux-x86_64-debian-clang | 0.53 | 43.94 | 146.11 | 190.05 | NOTE | |
r-devel-linux-x86_64-debian-gcc | 0.53 | 30.88 | 103.72 | 134.60 | NOTE | |
r-devel-linux-x86_64-fedora-clang | 0.53 | 302.50 | OK | |||
r-devel-linux-x86_64-fedora-gcc | 0.53 | 316.07 | ERROR | |||
r-devel-windows-x86_64 | 0.53 | 49.00 | 164.00 | 213.00 | NOTE | |
r-patched-linux-x86_64 | 0.53 | 44.33 | 141.10 | 185.43 | NOTE | |
r-release-linux-x86_64 | 0.53 | 43.98 | 139.45 | 183.43 | NOTE | |
r-release-macos-arm64 | 0.53 | 94.00 | OK | |||
r-release-macos-x86_64 | 0.53 | 179.00 | OK | |||
r-release-windows-x86_64 | 0.53 | 45.00 | 163.00 | 208.00 | NOTE | |
r-oldrel-macos-arm64 | 0.53 | 80.00 | NOTE | |||
r-oldrel-macos-x86_64 | 0.53 | 126.00 | NOTE | |||
r-oldrel-windows-x86_64 | 0.53 | 55.00 | 211.00 | 266.00 | OK |
Version: 0.53
Check: Rd cross-references
Result: NOTE
Found the following Rd file(s) with Rd \link{} targets missing package
anchors:
expectreg-package.Rd: BayesX-package, mboost-package
india.bnd.Rd: BayesX-package
northger.bnd.Rd: BayesX-package
Please provide package anchors for all Rd \link{} targets not in the
package itself and the base packages.
Flavors: r-devel-linux-x86_64-debian-clang, r-devel-linux-x86_64-debian-gcc, r-devel-windows-x86_64, r-patched-linux-x86_64, r-release-linux-x86_64, r-release-windows-x86_64
Version: 0.53
Check: examples
Result: ERROR
Running examples in ‘expectreg-Ex.R’ failed
The error most likely occurred in:
> ### Name: Mqreg
> ### Title: Semiparametric M-Quantile Regression
> ### Aliases: Mqreg
> ### Keywords: nonparametric smooth multivariate regression nonlinear models
>
> ### ** Examples
>
>
> data("lidar", package = "SemiPar")
Error in find.package(package, lib.loc, verbose = verbose) :
there is no package called ‘SemiPar’
Calls: data -> find.package
Execution halted
Flavor: r-devel-linux-x86_64-fedora-gcc
Version: 0.53
Check: installed package size
Result: NOTE
installed size is 10.6Mb
sub-directories of 1Mb or more:
libs 9.2Mb
Flavors: r-oldrel-macos-arm64, r-oldrel-macos-x86_64