Last updated on 2025-05-22 05:51:01 CEST.
Flavor | Version | Tinstall | Tcheck | Ttotal | Status | Flags |
---|---|---|---|---|---|---|
r-devel-linux-x86_64-debian-clang | 0.4.0 | 4.50 | 38.78 | 43.28 | NOTE | |
r-devel-linux-x86_64-debian-gcc | 0.4.0 | 2.90 | 27.62 | 30.52 | NOTE | |
r-devel-linux-x86_64-fedora-clang | 0.4.0 | 65.22 | OK | |||
r-devel-linux-x86_64-fedora-gcc | 0.4.0 | 60.47 | OK | |||
r-devel-windows-x86_64 | 0.4.0 | 8.00 | 65.00 | 73.00 | OK | |
r-patched-linux-x86_64 | 0.4.0 | 4.54 | 34.34 | 38.88 | OK | |
r-release-linux-x86_64 | 0.4.0 | 4.62 | 34.51 | 39.13 | OK | |
r-release-macos-arm64 | 0.4.0 | 21.00 | OK | |||
r-release-macos-x86_64 | 0.4.0 | 40.00 | OK | |||
r-release-windows-x86_64 | 0.4.0 | 7.00 | 76.00 | 83.00 | OK | |
r-oldrel-macos-arm64 | 0.4.0 | 23.00 | OK | |||
r-oldrel-macos-x86_64 | 0.4.0 | 32.00 | OK | |||
r-oldrel-windows-x86_64 | 0.4.0 | 7.00 | 62.00 | 69.00 | OK |
Version: 0.4.0
Check: CRAN incoming feasibility
Result: NOTE
Maintainer: ‘Jack Will <wujackwill@outlook.com>’
No Authors@R field in DESCRIPTION.
Please add one, modifying
Authors@R: person(given = "Jack",
family = "Will",
role = c("aut", "cre"),
email = "wujackwill@outlook.com")
as necessary.
Flavors: r-devel-linux-x86_64-debian-clang, r-devel-linux-x86_64-debian-gcc