Last updated on 2025-05-22 05:51:01 CEST.
Flavor | Version | Tinstall | Tcheck | Ttotal | Status | Flags |
---|---|---|---|---|---|---|
r-devel-linux-x86_64-debian-clang | 0.8.10 | 22.04 | 212.65 | 234.69 | NOTE | |
r-devel-linux-x86_64-debian-gcc | 0.8.10 | 19.98 | 148.52 | 168.50 | NOTE | |
r-devel-linux-x86_64-fedora-clang | 0.8.10 | 380.85 | NOTE | |||
r-devel-linux-x86_64-fedora-gcc | 0.8.10 | 369.96 | NOTE | |||
r-devel-windows-x86_64 | 0.8.10 | 25.00 | 240.00 | 265.00 | NOTE | |
r-patched-linux-x86_64 | 0.8.10 | 22.10 | 202.13 | 224.23 | NOTE | |
r-release-linux-x86_64 | 0.8.10 | 21.78 | 202.95 | 224.73 | NOTE | |
r-release-macos-arm64 | 0.8.10 | 105.00 | NOTE | |||
r-release-macos-x86_64 | 0.8.10 | 195.00 | NOTE | |||
r-release-windows-x86_64 | 0.8.10 | 25.00 | 251.00 | 276.00 | NOTE | |
r-oldrel-macos-arm64 | 0.8.10 | 89.00 | NOTE | |||
r-oldrel-macos-x86_64 | 0.8.10 | 128.00 | NOTE | |||
r-oldrel-windows-x86_64 | 0.8.10 | 25.00 | 252.00 | 277.00 | NOTE |
Version: 0.8.10
Check: CRAN incoming feasibility
Result: NOTE
Maintainer: ‘Robert van Hulst <rvhulst@ubishops.ca>’
No Authors@R field in DESCRIPTION.
Please add one, modifying
Authors@R: person(given = "Robert",
family = "van Hulst",
role = c("aut", "cre"),
email = "rvhulst@ubishops.ca")
as necessary.
The BugReports field in DESCRIPTION has
https://github.com/rvhulst/evidence/
which should likely be
https://github.com/rvhulst/evidence/issues
instead.
Flavors: r-devel-linux-x86_64-debian-clang, r-devel-linux-x86_64-debian-gcc
Version: 0.8.10
Check: Rd files
Result: NOTE
checkRd: (-1) Snoring.Rd:21: Escaped LaTeX specials: \&
Flavors: r-devel-linux-x86_64-debian-clang, r-devel-linux-x86_64-debian-gcc, r-devel-linux-x86_64-fedora-clang, r-devel-linux-x86_64-fedora-gcc, r-devel-windows-x86_64, r-patched-linux-x86_64, r-release-linux-x86_64, r-release-macos-arm64, r-release-macos-x86_64, r-release-windows-x86_64, r-oldrel-macos-arm64, r-oldrel-macos-x86_64, r-oldrel-windows-x86_64