Last updated on 2025-05-22 05:51:00 CEST.
Flavor | Version | Tinstall | Tcheck | Ttotal | Status | Flags |
---|---|---|---|---|---|---|
r-devel-linux-x86_64-debian-clang | 2.0.0 | 4.06 | 42.58 | 46.64 | NOTE | |
r-devel-linux-x86_64-debian-gcc | 2.0.0 | 3.03 | 31.70 | 34.73 | NOTE | |
r-devel-linux-x86_64-fedora-clang | 2.0.0 | 75.51 | NOTE | |||
r-devel-linux-x86_64-fedora-gcc | 2.0.0 | 82.17 | NOTE | |||
r-devel-windows-x86_64 | 2.0.0 | 8.00 | 84.00 | 92.00 | NOTE | |
r-patched-linux-x86_64 | 2.0.0 | 4.18 | 39.62 | 43.80 | NOTE | |
r-release-linux-x86_64 | 2.0.0 | 4.20 | 39.59 | 43.79 | NOTE | |
r-release-macos-arm64 | 2.0.0 | 40.00 | NOTE | |||
r-release-macos-x86_64 | 2.0.0 | 59.00 | NOTE | |||
r-release-windows-x86_64 | 2.0.0 | 7.00 | 104.00 | 111.00 | NOTE | |
r-oldrel-macos-arm64 | 2.0.0 | 33.00 | OK | |||
r-oldrel-macos-x86_64 | 2.0.0 | 46.00 | OK | |||
r-oldrel-windows-x86_64 | 2.0.0 | 8.00 | 73.00 | 81.00 | OK |
Version: 2.0.0
Check: DESCRIPTION meta-information
Result: NOTE
Missing dependency on R >= 4.1.0 because package code uses the pipe
|> or function shorthand \(...) syntax added in R 4.1.0.
File(s) using such syntax:
‘esem_cfa_syntax.R’
Flavors: r-devel-linux-x86_64-debian-clang, r-devel-linux-x86_64-debian-gcc, r-devel-linux-x86_64-fedora-clang, r-devel-linux-x86_64-fedora-gcc, r-devel-windows-x86_64, r-patched-linux-x86_64, r-release-linux-x86_64, r-release-macos-arm64, r-release-macos-x86_64, r-release-windows-x86_64