Last updated on 2025-05-22 05:51:00 CEST.
Flavor | Version | Tinstall | Tcheck | Ttotal | Status | Flags |
---|---|---|---|---|---|---|
r-devel-linux-x86_64-debian-clang | 0.9.0 | 104.09 | 28.06 | 132.15 | OK | |
r-devel-linux-x86_64-debian-gcc | 0.9.0 | 77.59 | 31.29 | 108.88 | OK | |
r-devel-linux-x86_64-fedora-clang | 0.9.0 | 220.69 | OK | |||
r-devel-linux-x86_64-fedora-gcc | 0.9.0 | 268.70 | OK | |||
r-devel-windows-x86_64 | 0.9.0 | 102.00 | 91.00 | 193.00 | OK | |
r-patched-linux-x86_64 | 0.9.0 | 106.98 | 37.79 | 144.77 | OK | |
r-release-linux-x86_64 | 0.9.0 | 96.82 | 37.71 | 134.53 | OK | |
r-release-macos-arm64 | 0.9.0 | 54.00 | OK | |||
r-release-macos-x86_64 | 0.9.0 | 91.00 | OK | |||
r-release-windows-x86_64 | 0.9.0 | 102.00 | 114.00 | 216.00 | OK | |
r-oldrel-macos-arm64 | 0.9.0 | 59.00 | NOTE | |||
r-oldrel-macos-x86_64 | 0.9.0 | 57.00 | NOTE | |||
r-oldrel-windows-x86_64 | 0.9.0 | 116.00 | 88.00 | 204.00 | OK |
Version: 0.9.0
Check: installed package size
Result: NOTE
installed size is 39.2Mb
sub-directories of 1Mb or more:
libs 39.1Mb
Flavors: r-oldrel-macos-arm64, r-oldrel-macos-x86_64