Last updated on 2025-05-22 05:51:00 CEST.
Flavor | Version | Tinstall | Tcheck | Ttotal | Status | Flags |
---|---|---|---|---|---|---|
r-devel-linux-x86_64-debian-clang | 1.1.2 | 3.56 | 54.93 | 58.49 | OK | |
r-devel-linux-x86_64-debian-gcc | 1.1.2 | 2.54 | 42.21 | 44.75 | OK | |
r-devel-linux-x86_64-fedora-clang | 1.1.2 | 91.04 | OK | |||
r-devel-linux-x86_64-fedora-gcc | 1.1.2 | 117.52 | OK | |||
r-devel-windows-x86_64 | 1.1.2 | 5.00 | 94.00 | 99.00 | OK | |
r-patched-linux-x86_64 | 1.1.2 | 4.22 | 51.13 | 55.35 | OK | |
r-release-linux-x86_64 | 1.1.2 | 3.41 | 51.26 | 54.67 | OK | |
r-release-macos-arm64 | 1.1.2 | 62.00 | OK | |||
r-release-macos-x86_64 | 1.1.2 | 90.00 | OK | |||
r-release-windows-x86_64 | 1.1.2 | 5.00 | 112.00 | 117.00 | OK | |
r-oldrel-macos-arm64 | 1.1.2 | 43.00 | NOTE | |||
r-oldrel-macos-x86_64 | 1.1.2 | 66.00 | NOTE | |||
r-oldrel-windows-x86_64 | 1.1.2 | 7.00 | 92.00 | 99.00 | NOTE |
Version: 1.1.2
Check: package dependencies
Result: NOTE
Package which this enhances but not available for checking: ‘gurobi’
Flavors: r-oldrel-macos-arm64, r-oldrel-macos-x86_64, r-oldrel-windows-x86_64