Last updated on 2025-05-22 05:51:00 CEST.
Flavor | Version | Tinstall | Tcheck | Ttotal | Status | Flags |
---|---|---|---|---|---|---|
r-devel-linux-x86_64-debian-clang | 0.1.0 | 5.21 | 55.19 | 60.40 | OK | |
r-devel-linux-x86_64-debian-gcc | 0.1.0 | 4.08 | 39.78 | 43.86 | OK | |
r-devel-linux-x86_64-fedora-clang | 0.1.0 | 98.24 | OK | |||
r-devel-linux-x86_64-fedora-gcc | 0.1.0 | 112.68 | OK | |||
r-devel-windows-x86_64 | 0.1.0 | 11.00 | 81.00 | 92.00 | OK | |
r-patched-linux-x86_64 | 0.1.0 | 6.38 | 51.69 | 58.07 | OK | |
r-release-linux-x86_64 | 0.1.0 | 6.31 | 51.81 | 58.12 | OK | |
r-release-macos-arm64 | 0.1.0 | 36.00 | OK | |||
r-release-macos-x86_64 | 0.1.0 | 63.00 | OK | |||
r-release-windows-x86_64 | 0.1.0 | 10.00 | 95.00 | 105.00 | OK | |
r-oldrel-macos-arm64 | 0.1.0 | 36.00 | NOTE | |||
r-oldrel-macos-x86_64 | 0.1.0 | 53.00 | NOTE | |||
r-oldrel-windows-x86_64 | 0.1.0 | 12.00 | 82.00 | 94.00 | NOTE |
Version: 0.1.0
Check: LazyData
Result: NOTE
'LazyData' is specified without a 'data' directory
Flavors: r-oldrel-macos-arm64, r-oldrel-macos-x86_64, r-oldrel-windows-x86_64