Last updated on 2025-05-22 05:51:00 CEST.
Flavor | Version | Tinstall | Tcheck | Ttotal | Status | Flags |
---|---|---|---|---|---|---|
r-devel-linux-x86_64-debian-clang | 0.11.0 | 12.63 | 329.51 | 342.14 | NOTE | |
r-devel-linux-x86_64-debian-gcc | 0.11.0 | 9.79 | 188.99 | 198.78 | NOTE | |
r-devel-linux-x86_64-fedora-clang | 0.11.0 | 533.59 | OK | |||
r-devel-linux-x86_64-fedora-gcc | 0.11.0 | 446.36 | OK | |||
r-devel-windows-x86_64 | 0.11.0 | 16.00 | 281.00 | 297.00 | OK | |
r-patched-linux-x86_64 | 0.11.0 | 12.14 | 255.50 | 267.64 | OK | |
r-release-linux-x86_64 | 0.11.0 | 12.04 | 257.44 | 269.48 | OK | |
r-release-macos-arm64 | 0.11.0 | 178.00 | OK | |||
r-release-macos-x86_64 | 0.11.0 | 333.00 | OK | |||
r-release-windows-x86_64 | 0.11.0 | 15.00 | 289.00 | 304.00 | OK | |
r-oldrel-macos-arm64 | 0.11.0 | 178.00 | OK | |||
r-oldrel-macos-x86_64 | 0.11.0 | 229.00 | OK | |||
r-oldrel-windows-x86_64 | 0.11.0 | 19.00 | 324.00 | 343.00 | OK |
Version: 0.11.0
Check: CRAN incoming feasibility
Result: NOTE
Maintainer: ‘Teemu Daniel Laajala <teelaa@utu.fi>’
No Authors@R field in DESCRIPTION.
Please add one, modifying
Authors@R: c(person(given = c("Teemu", "Daniel"),
family = "Laajala",
role = c("aut", "cre"),
email = "teelaa@utu.fi"),
person(given = "Mika",
family = "Murtojarvi",
role = "ctb",
email = "mianmu2@hotmail.com"))
as necessary.
Flavors: r-devel-linux-x86_64-debian-clang, r-devel-linux-x86_64-debian-gcc