CRAN Package Check Results for Package duawranglr

Last updated on 2025-05-22 05:51:00 CEST.

Flavor Version Tinstall Tcheck Ttotal Status Flags
r-devel-linux-x86_64-debian-clang 0.6.7 2.41 32.01 34.42 OK
r-devel-linux-x86_64-debian-gcc 0.6.7 1.79 24.94 26.73 OK
r-devel-linux-x86_64-fedora-clang 0.6.7 54.83 NOTE
r-devel-linux-x86_64-fedora-gcc 0.6.7 66.49 NOTE
r-devel-windows-x86_64 0.6.7 4.00 73.00 77.00 OK
r-patched-linux-x86_64 0.6.7 1.61 30.42 32.03 OK
r-release-linux-x86_64 0.6.7 2.33 30.51 32.84 OK
r-release-macos-arm64 0.6.7 36.00 OK
r-release-macos-x86_64 0.6.7 49.00 OK
r-release-windows-x86_64 0.6.7 4.00 90.00 94.00 OK
r-oldrel-macos-arm64 0.6.7 27.00 OK
r-oldrel-macos-x86_64 0.6.7 41.00 OK
r-oldrel-windows-x86_64 0.6.7 4.00 64.00 68.00 OK

Check Details

Version: 0.6.7
Check: dependencies in R code
Result: NOTE Namespaces in Imports field not imported from: ‘digest’ ‘dplyr’ All declared Imports should be used. Flavors: r-devel-linux-x86_64-fedora-clang, r-devel-linux-x86_64-fedora-gcc