Last updated on 2025-05-22 05:51:00 CEST.
Flavor | Version | Tinstall | Tcheck | Ttotal | Status | Flags |
---|---|---|---|---|---|---|
r-devel-linux-x86_64-debian-clang | 0.1.0 | 3.05 | 23.43 | 26.48 | OK | |
r-devel-linux-x86_64-debian-gcc | 0.1.0 | 2.25 | 19.10 | 21.35 | OK | |
r-devel-linux-x86_64-fedora-clang | 0.1.0 | 40.39 | OK | |||
r-devel-linux-x86_64-fedora-gcc | 0.1.0 | 39.39 | OK | |||
r-devel-windows-x86_64 | 0.1.0 | 6.00 | 55.00 | 61.00 | OK | |
r-patched-linux-x86_64 | 0.1.0 | 2.36 | 22.78 | 25.14 | OK | |
r-release-linux-x86_64 | 0.1.0 | 2.99 | 22.56 | 25.55 | OK | |
r-release-macos-arm64 | 0.1.0 | 21.00 | OK | |||
r-release-macos-x86_64 | 0.1.0 | 31.00 | OK | |||
r-release-windows-x86_64 | 0.1.0 | 5.00 | 76.00 | 81.00 | OK | |
r-oldrel-macos-arm64 | 0.1.0 | 19.00 | NOTE | |||
r-oldrel-macos-x86_64 | 0.1.0 | 26.00 | NOTE | |||
r-oldrel-windows-x86_64 | 0.1.0 | 6.00 | 49.00 | 55.00 | NOTE |
Version: 0.1.0
Check: LazyData
Result: NOTE
'LazyData' is specified without a 'data' directory
Flavors: r-oldrel-macos-arm64, r-oldrel-macos-x86_64, r-oldrel-windows-x86_64