Last updated on 2025-05-22 05:50:59 CEST.
Flavor | Version | Tinstall | Tcheck | Ttotal | Status | Flags |
---|---|---|---|---|---|---|
r-devel-linux-x86_64-debian-clang | 2.0 | 25.98 | 112.94 | 138.92 | NOTE | |
r-devel-linux-x86_64-debian-gcc | 2.0 | 17.12 | 73.07 | 90.19 | NOTE | |
r-devel-linux-x86_64-fedora-clang | 2.0 | 224.48 | OK | |||
r-devel-linux-x86_64-fedora-gcc | 2.0 | 213.01 | OK | |||
r-devel-windows-x86_64 | 2.0 | 27.00 | 124.00 | 151.00 | OK | |
r-patched-linux-x86_64 | 2.0 | 25.50 | 106.51 | 132.01 | OK | |
r-release-linux-x86_64 | 2.0 | 29.38 | 104.53 | 133.91 | OK | |
r-release-macos-arm64 | 2.0 | 53.00 | OK | |||
r-release-macos-x86_64 | 2.0 | 113.00 | OK | |||
r-release-windows-x86_64 | 2.0 | 26.00 | 139.00 | 165.00 | OK | |
r-oldrel-macos-arm64 | 2.0 | 54.00 | OK | |||
r-oldrel-macos-x86_64 | 2.0 | 85.00 | OK | |||
r-oldrel-windows-x86_64 | 2.0 | 37.00 | 136.00 | 173.00 | OK |
Version: 2.0
Check: CRAN incoming feasibility
Result: NOTE
Maintainer: ‘Maengseok Noh <msnoh@pknu.ac.kr>’
No Authors@R field in DESCRIPTION.
Please add one, modifying
Authors@R: c(person(given = "Youngjo",
family = "Lee",
role = "aut"),
person(given = "Maengseok",
family = "Noh",
role = c("aut", "cre"),
email = "msnoh@pknu.ac.kr"))
as necessary.
Flavors: r-devel-linux-x86_64-debian-clang, r-devel-linux-x86_64-debian-gcc