CRAN Package Check Results for Package cophescan

Last updated on 2025-05-22 05:50:58 CEST.

Flavor Version Tinstall Tcheck Ttotal Status Flags
r-devel-linux-x86_64-debian-clang 1.4.1 31.41 139.80 171.21 NOTE
r-devel-linux-x86_64-debian-gcc 1.4.1 24.75 100.08 124.83 NOTE
r-devel-linux-x86_64-fedora-clang 1.4.1 276.49 OK
r-devel-linux-x86_64-fedora-gcc 1.4.1 284.94 OK
r-devel-windows-x86_64 1.4.1 42.00 174.00 216.00 NOTE
r-patched-linux-x86_64 1.4.1 31.56 130.85 162.41 NOTE
r-release-linux-x86_64 1.4.1 31.20 130.30 161.50 NOTE
r-release-macos-arm64 1.4.1 77.00 OK
r-release-macos-x86_64 1.4.1 175.00 OK
r-release-windows-x86_64 1.4.1 41.00 171.00 212.00 NOTE
r-oldrel-macos-arm64 1.4.1 84.00 NOTE
r-oldrel-macos-x86_64 1.4.1 187.00 NOTE
r-oldrel-windows-x86_64 1.4.1 48.00 207.00 255.00 NOTE

Check Details

Version: 1.4.1
Check: Rd cross-references
Result: NOTE Found the following Rd file(s) with Rd \link{} targets missing package anchors: cophe.prepare.dat.susie.Rd: runsusie cophe.susie.Rd: check_dataset, runsusie cophe.susie.lbf.Rd: runsusie cophe_heatmap.Rd: pheatmap Please provide package anchors for all Rd \link{} targets not in the package itself and the base packages. Flavors: r-devel-linux-x86_64-debian-clang, r-devel-linux-x86_64-debian-gcc, r-devel-windows-x86_64, r-patched-linux-x86_64, r-release-linux-x86_64, r-release-windows-x86_64

Version: 1.4.1
Check: installed package size
Result: NOTE installed size is 6.1Mb sub-directories of 1Mb or more: data 3.5Mb libs 2.1Mb Flavors: r-oldrel-macos-arm64, r-oldrel-macos-x86_64, r-oldrel-windows-x86_64