Last updated on 2025-05-22 05:50:58 CEST.
Flavor | Version | Tinstall | Tcheck | Ttotal | Status | Flags |
---|---|---|---|---|---|---|
r-devel-linux-x86_64-debian-clang | 1.0-1 | 2.78 | 24.17 | 26.95 | NOTE | |
r-devel-linux-x86_64-debian-gcc | 1.0-1 | 2.16 | 19.42 | 21.58 | NOTE | |
r-devel-linux-x86_64-fedora-clang | 1.0-1 | 42.75 | OK | |||
r-devel-linux-x86_64-fedora-gcc | 1.0-1 | 39.90 | OK | |||
r-devel-windows-x86_64 | 1.0-1 | 4.00 | 62.00 | 66.00 | OK | |
r-patched-linux-x86_64 | 1.0-1 | 2.67 | 23.33 | 26.00 | OK | |
r-release-linux-x86_64 | 1.0-1 | 2.58 | 23.16 | 25.74 | OK | |
r-release-macos-arm64 | 1.0-1 | 18.00 | OK | |||
r-release-macos-x86_64 | 1.0-1 | 36.00 | OK | |||
r-release-windows-x86_64 | 1.0-1 | 4.00 | 0.00 | 4.00 | FAIL | |
r-oldrel-macos-arm64 | 1.0-1 | 20.00 | NOTE | |||
r-oldrel-macos-x86_64 | 1.0-1 | 25.00 | NOTE | |||
r-oldrel-windows-x86_64 | 1.0-1 | 3.00 | 50.00 | 53.00 | NOTE |
Version: 1.0-1
Check: CRAN incoming feasibility
Result: NOTE
Maintainer: ‘Birk Diedenhofen <mail@birkdiedenhofen.de>’
The Description field contains
http://comparingcronbachalphas.org. A plugin for the R GUI and IDE
RKWard is included. Please install RKWard from https:// rkward.kde.org
Please enclose URLs in angle brackets (<...>).
Flavors: r-devel-linux-x86_64-debian-clang, r-devel-linux-x86_64-debian-gcc
Version: 1.0-1
Check: PDF version of manual
Result: FAIL
Check process probably crashed or hung up for 20 minutes ... killed
Most likely this happened in the example checks (?),
if not, ignore the following last lines of example output:
> ### * knowledge
>
> flush(stderr()); flush(stdout())
>
> ### Name: knowledge
> ### Title: Sample dataset: knowledge
> ### Aliases: knowledge
> ### Keywords: datasets
>
> ### ** Examples
>
> data(knowledge)
>
>
>
> ### * <FOOTER>
> ###
> cleanEx()
> options(digits = 7L)
> base::cat("Time elapsed: ", proc.time() - base::get("ptime", pos = 'CheckExEnv'),"\n")
Time elapsed: 0.44 0.05 0.49 NA NA
> grDevices::dev.off()
null device
1
> ###
> ### Local variables: ***
> ### mode: outline-minor ***
> ### outline-regexp: "\\(> \\)?### [*]+" ***
> ### End: ***
> quit('no')
======== End of example output (where/before crash/hang up occured ?) ========
Flavor: r-release-windows-x86_64
Version: 1.0-1
Check: package dependencies
Result: NOTE
Package which this enhances but not available for checking: ‘rkward’
Flavors: r-oldrel-macos-arm64, r-oldrel-macos-x86_64, r-oldrel-windows-x86_64