Last updated on 2025-05-22 05:50:58 CEST.
Flavor | Version | Tinstall | Tcheck | Ttotal | Status | Flags |
---|---|---|---|---|---|---|
r-devel-linux-x86_64-debian-clang | 1.0.5 | 3.60 | 48.72 | 52.32 | NOTE | |
r-devel-linux-x86_64-debian-gcc | 1.0.5 | 2.63 | 34.70 | 37.33 | NOTE | |
r-devel-linux-x86_64-fedora-clang | 1.0.5 | 76.82 | NOTE | |||
r-devel-linux-x86_64-fedora-gcc | 1.0.5 | 68.68 | NOTE | |||
r-devel-windows-x86_64 | 1.0.5 | 6.00 | 97.00 | 103.00 | NOTE | |
r-patched-linux-x86_64 | 1.0.5 | 4.87 | 48.53 | 53.40 | NOTE | |
r-release-linux-x86_64 | 1.0.5 | 3.56 | 48.91 | 52.47 | NOTE | |
r-release-macos-arm64 | 1.0.5 | 26.00 | NOTE | |||
r-release-macos-x86_64 | 1.0.5 | 58.00 | NOTE | |||
r-release-windows-x86_64 | 1.0.5 | 5.00 | 119.00 | 124.00 | NOTE | |
r-oldrel-macos-arm64 | 1.0.5 | 31.00 | NOTE | |||
r-oldrel-macos-x86_64 | 1.0.5 | 40.00 | NOTE | |||
r-oldrel-windows-x86_64 | 1.0.5 | 7.00 | 77.00 | 84.00 | NOTE |
Version: 1.0.5
Check: Rd files
Result: NOTE
checkRd: (-1) bvp.Rd:24: Lost braces
24 | differential equations. The code{midptivp} method solves initial
| ^
checkRd: (-1) ivp.Rd:38: Lost braces
38 | differential equations. The code{midptivp} method solves initial
| ^
checkRd: (-1) ivpsys.Rd:29: Lost braces
29 | differential equations. The code{midptivp} method solves initial
| ^
Flavors: r-devel-linux-x86_64-debian-clang, r-devel-linux-x86_64-debian-gcc, r-devel-linux-x86_64-fedora-clang, r-devel-linux-x86_64-fedora-gcc, r-devel-windows-x86_64, r-patched-linux-x86_64, r-release-linux-x86_64, r-release-macos-arm64, r-release-macos-x86_64, r-release-windows-x86_64, r-oldrel-macos-arm64, r-oldrel-macos-x86_64, r-oldrel-windows-x86_64