Last updated on 2025-10-30 05:51:06 CET.
| Flavor | Version | Tinstall | Tcheck | Ttotal | Status | Flags | 
|---|---|---|---|---|---|---|
| r-devel-linux-x86_64-debian-clang | 1.0 | 5.02 | 42.81 | 47.83 | NOTE | |
| r-devel-linux-x86_64-debian-gcc | 1.0 | 2.98 | 31.98 | 34.96 | NOTE | |
| r-devel-linux-x86_64-fedora-clang | 1.0 | 70.78 | NOTE | |||
| r-devel-linux-x86_64-fedora-gcc | 1.0 | 67.48 | NOTE | |||
| r-devel-windows-x86_64 | 1.0 | 5.00 | 61.00 | 66.00 | NOTE | |
| r-patched-linux-x86_64 | 1.0 | 4.69 | 40.31 | 45.00 | NOTE | |
| r-release-linux-x86_64 | 1.0 | 4.53 | 40.78 | 45.31 | NOTE | |
| r-release-macos-arm64 | 1.0 | 2.00 | 23.00 | 25.00 | NOTE | |
| r-release-macos-x86_64 | 1.0 | 6.00 | 48.00 | 54.00 | NOTE | |
| r-release-windows-x86_64 | 1.0 | 6.00 | 68.00 | 74.00 | NOTE | |
| r-oldrel-macos-arm64 | 1.0 | 2.00 | 27.00 | 29.00 | NOTE | |
| r-oldrel-macos-x86_64 | 1.0 | 3.00 | 33.00 | 36.00 | NOTE | |
| r-oldrel-windows-x86_64 | 1.0 | 5.00 | 58.00 | 63.00 | NOTE | 
Version: 1.0
Check: Rd files
Result: NOTE
  checkRd: (-1) TestCronbachAlpha.Rd:74: Lost braces; missing escapes or markup?
      74 |  the value of \emph{G}^2 at the 2 alpha level is used. For alpha = 0.05, H01 must be rejected if \emph{G}^2 > 2.71 (i.e., \emph{p} = .10) and r_{alpha} > c.
         |                                                                                                                                                 ^
  checkRd: (-1) TestCronbachAlpha.Rd:76: Lost braces; missing escapes or markup?
      76 |  r_{alpha} = 0.793) is significantly above .75.
         |    ^
  checkRd: (-1) TestCronbachAlpha.Rd:85: Lost braces
      85 |  (i.e., r_{alpha_{g1}} = 0.793 and r_{alpha_{g1}} = 0.737) are equal.
         |           ^
  checkRd: (-1) TestCronbachAlpha.Rd:85: Lost braces; missing escapes or markup?
      85 |  (i.e., r_{alpha_{g1}} = 0.793 and r_{alpha_{g1}} = 0.737) are equal.
         |                  ^
  checkRd: (-1) TestCronbachAlpha.Rd:85: Lost braces
      85 |  (i.e., r_{alpha_{g1}} = 0.793 and r_{alpha_{g1}} = 0.737) are equal.
         |                                      ^
  checkRd: (-1) TestCronbachAlpha.Rd:85: Lost braces; missing escapes or markup?
      85 |  (i.e., r_{alpha_{g1}} = 0.793 and r_{alpha_{g1}} = 0.737) are equal.
         |                                             ^
  checkRd: (-1) TestCronbachAlpha.Rd:93: Lost braces
      93 |  that the alphas of the two dependent samples (i.e., r_{alpha_{t1}} = 0.793 and r_{alpha_{t1}} = 0.696) are not equal to each other.
         |                                                        ^
  checkRd: (-1) TestCronbachAlpha.Rd:93: Lost braces; missing escapes or markup?
      93 |  that the alphas of the two dependent samples (i.e., r_{alpha_{t1}} = 0.793 and r_{alpha_{t1}} = 0.696) are not equal to each other.
         |                                                               ^
  checkRd: (-1) TestCronbachAlpha.Rd:93: Lost braces
      93 |  that the alphas of the two dependent samples (i.e., r_{alpha_{t1}} = 0.793 and r_{alpha_{t1}} = 0.696) are not equal to each other.
         |                                                                                   ^
  checkRd: (-1) TestCronbachAlpha.Rd:93: Lost braces; missing escapes or markup?
      93 |  that the alphas of the two dependent samples (i.e., r_{alpha_{t1}} = 0.793 and r_{alpha_{t1}} = 0.696) are not equal to each other.
         |                                                                                          ^
Flavors: r-devel-linux-x86_64-debian-clang, r-devel-linux-x86_64-debian-gcc, r-devel-linux-x86_64-fedora-clang, r-devel-linux-x86_64-fedora-gcc, r-devel-windows-x86_64, r-patched-linux-x86_64, r-release-linux-x86_64, r-release-macos-arm64, r-release-macos-x86_64, r-release-windows-x86_64, r-oldrel-macos-arm64, r-oldrel-macos-x86_64, r-oldrel-windows-x86_64