Last updated on 2025-05-23 05:52:24 CEST.
Flavor | Version | Tinstall | Tcheck | Ttotal | Status | Flags |
---|---|---|---|---|---|---|
r-devel-linux-x86_64-debian-clang | 1.0.2 | 2.26 | 31.31 | 33.57 | NOTE | |
r-devel-linux-x86_64-debian-gcc | 1.0.2 | 1.90 | 24.38 | 26.28 | NOTE | |
r-devel-linux-x86_64-fedora-clang | 1.0.2 | 53.53 | OK | |||
r-devel-linux-x86_64-fedora-gcc | 1.0.2 | 63.46 | OK | |||
r-devel-windows-x86_64 | 1.0.2 | 6.00 | 102.00 | 108.00 | OK | |
r-patched-linux-x86_64 | 1.0.2 | 2.49 | 29.00 | 31.49 | OK | |
r-release-linux-x86_64 | 1.0.2 | 2.48 | 28.86 | 31.34 | OK | |
r-release-macos-arm64 | 1.0.2 | 35.00 | OK | |||
r-release-macos-x86_64 | 1.0.2 | 75.00 | OK | |||
r-release-windows-x86_64 | 1.0.2 | 5.00 | 90.00 | 95.00 | OK | |
r-oldrel-macos-arm64 | 1.0.2 | 27.00 | NOTE | |||
r-oldrel-macos-x86_64 | 1.0.2 | 38.00 | NOTE | |||
r-oldrel-windows-x86_64 | 1.0.2 | 5.00 | 60.00 | 65.00 | NOTE |
Version: 1.0.2
Check: CRAN incoming feasibility
Result: NOTE
Maintainer: ‘Spencer Nystrom <nystromdev@gmail.com>’
The BugReports field in DESCRIPTION has
https://github.com/snystrom/cmdfun
which should likely be
https://github.com/snystrom/cmdfun/issues
instead.
Flavors: r-devel-linux-x86_64-debian-clang, r-devel-linux-x86_64-debian-gcc
Version: 1.0.2
Check: LazyData
Result: NOTE
'LazyData' is specified without a 'data' directory
Flavors: r-oldrel-macos-arm64, r-oldrel-macos-x86_64, r-oldrel-windows-x86_64