Last updated on 2025-05-22 05:50:57 CEST.
Flavor | Version | Tinstall | Tcheck | Ttotal | Status | Flags |
---|---|---|---|---|---|---|
r-devel-linux-x86_64-debian-clang | 1.0.0 | 2.31 | 107.75 | 110.06 | OK | |
r-devel-linux-x86_64-debian-gcc | 1.0.0 | 2.12 | 69.89 | 72.01 | OK | |
r-devel-linux-x86_64-fedora-clang | 1.0.0 | 170.85 | NOTE | |||
r-devel-linux-x86_64-fedora-gcc | 1.0.0 | 178.09 | NOTE | |||
r-devel-windows-x86_64 | 1.0.0 | 4.00 | 139.00 | 143.00 | OK | |
r-patched-linux-x86_64 | 1.0.0 | 2.99 | 101.05 | 104.04 | OK | |
r-release-linux-x86_64 | 1.0.0 | 2.80 | 100.24 | 103.04 | OK | |
r-release-macos-arm64 | 1.0.0 | 57.00 | OK | |||
r-release-macos-x86_64 | 1.0.0 | 115.00 | OK | |||
r-release-windows-x86_64 | 1.0.0 | 5.00 | 149.00 | 154.00 | OK | |
r-oldrel-macos-arm64 | 1.0.0 | 53.00 | OK | |||
r-oldrel-macos-x86_64 | 1.0.0 | 85.00 | OK | |||
r-oldrel-windows-x86_64 | 1.0.0 | 6.00 | 152.00 | 158.00 | OK |
Version: 1.0.0
Check: dependencies in R code
Result: NOTE
Namespaces in Imports field not imported from:
‘AER’ ‘graphics’ ‘lmtest’
All declared Imports should be used.
Flavors: r-devel-linux-x86_64-fedora-clang, r-devel-linux-x86_64-fedora-gcc