Last updated on 2025-10-29 05:50:08 CET.
| Flavor | Version | Tinstall | Tcheck | Ttotal | Status | Flags | 
|---|---|---|---|---|---|---|
| r-devel-linux-x86_64-debian-clang | 1.5 | 3.33 | 30.74 | 34.07 | NOTE | |
| r-devel-linux-x86_64-debian-gcc | 1.5 | 2.66 | 24.51 | 27.17 | NOTE | |
| r-devel-linux-x86_64-fedora-clang | 1.5 | 50.09 | NOTE | |||
| r-devel-linux-x86_64-fedora-gcc | 1.5 | 62.45 | NOTE | |||
| r-devel-windows-x86_64 | 1.5 | 7.00 | 46.00 | 53.00 | NOTE | |
| r-patched-linux-x86_64 | 1.5 | 3.10 | 29.95 | 33.05 | NOTE | |
| r-release-linux-x86_64 | 1.5 | 3.29 | 29.48 | 32.77 | NOTE | |
| r-release-macos-arm64 | 1.5 | 3.00 | 26.00 | 29.00 | NOTE | |
| r-release-macos-x86_64 | 1.5 | 5.00 | 56.00 | 61.00 | NOTE | |
| r-release-windows-x86_64 | 1.5 | 6.00 | 48.00 | 54.00 | NOTE | |
| r-oldrel-macos-arm64 | 1.5 | 3.00 | 28.00 | 31.00 | NOTE | |
| r-oldrel-macos-x86_64 | 1.5 | 5.00 | 38.00 | 43.00 | NOTE | |
| r-oldrel-windows-x86_64 | 1.5 | 6.00 | 55.00 | 61.00 | NOTE | 
Version: 1.5
Check: CRAN incoming feasibility
Result: NOTE
  Maintainer: ‘Yijian Huang <yhuang5@emory.edu>’
  
  No Authors@R field in DESCRIPTION.
  Please add one, modifying
    Authors@R: person(given = "Yijian",
                      family = "Huang",
                      role = c("aut", "cre"),
                      email = "yhuang5@emory.edu")
  as necessary.
Flavors: r-devel-linux-x86_64-debian-clang, r-devel-linux-x86_64-debian-gcc
Version: 1.5
Check: Rd files
Result: NOTE
  checkRd: (-1) cequre.Rd:31: Lost braces; missing escapes or markup?
      31 |   {epsi}^{# regression coefficients} times the initial value,
         |   ^
  checkRd: (-1) cequre.Rd:31: Lost braces; missing escapes or markup?
      31 |   {epsi}^{# regression coefficients} times the initial value,
         |          ^
Flavors: r-devel-linux-x86_64-debian-clang, r-devel-linux-x86_64-debian-gcc, r-devel-linux-x86_64-fedora-clang, r-devel-linux-x86_64-fedora-gcc, r-devel-windows-x86_64, r-patched-linux-x86_64, r-release-linux-x86_64, r-release-macos-arm64, r-release-macos-x86_64, r-release-windows-x86_64, r-oldrel-macos-arm64, r-oldrel-macos-x86_64, r-oldrel-windows-x86_64