Last updated on 2025-05-22 05:50:57 CEST.
Flavor | Version | Tinstall | Tcheck | Ttotal | Status | Flags |
---|---|---|---|---|---|---|
r-devel-linux-x86_64-debian-clang | 0.1.0 | 9.08 | 51.04 | 60.12 | OK | |
r-devel-linux-x86_64-debian-gcc | 0.1.0 | 6.49 | 36.50 | 42.99 | OK | |
r-devel-linux-x86_64-fedora-clang | 0.1.0 | 94.32 | NOTE | |||
r-devel-linux-x86_64-fedora-gcc | 0.1.0 | 115.32 | NOTE | |||
r-devel-windows-x86_64 | 0.1.0 | 11.00 | 68.00 | 79.00 | OK | |
r-patched-linux-x86_64 | 0.1.0 | 7.98 | 46.75 | 54.73 | OK | |
r-release-linux-x86_64 | 0.1.0 | 9.13 | 46.31 | 55.44 | OK | |
r-release-macos-arm64 | 0.1.0 | 42.00 | OK | |||
r-release-macos-x86_64 | 0.1.0 | 85.00 | OK | |||
r-release-windows-x86_64 | 0.1.0 | 11.00 | 68.00 | 79.00 | OK | |
r-oldrel-macos-arm64 | 0.1.0 | 40.00 | NOTE | |||
r-oldrel-macos-x86_64 | 0.1.0 | 67.00 | NOTE | |||
r-oldrel-windows-x86_64 | 0.1.0 | 12.00 | 90.00 | 102.00 | NOTE |
Version: 0.1.0
Check: dependencies in R code
Result: NOTE
Namespaces in Imports field not imported from:
‘R6’ ‘crayon’ ‘dplyr’ ‘tidyr’
All declared Imports should be used.
Flavors: r-devel-linux-x86_64-fedora-clang, r-devel-linux-x86_64-fedora-gcc
Version: 0.1.0
Check: LazyData
Result: NOTE
'LazyData' is specified without a 'data' directory
Flavors: r-oldrel-macos-arm64, r-oldrel-macos-x86_64, r-oldrel-windows-x86_64