Last updated on 2025-05-22 05:50:57 CEST.
Flavor | Version | Tinstall | Tcheck | Ttotal | Status | Flags |
---|---|---|---|---|---|---|
r-devel-linux-x86_64-debian-clang | 3.1.4 | 14.68 | 144.94 | 159.62 | NOTE | |
r-devel-linux-x86_64-debian-gcc | 3.1.4 | 10.58 | 103.60 | 114.18 | NOTE | |
r-devel-linux-x86_64-fedora-clang | 3.1.4 | 250.62 | OK | |||
r-devel-linux-x86_64-fedora-gcc | 3.1.4 | 258.85 | OK | |||
r-devel-windows-x86_64 | 3.1.4 | 22.00 | 214.00 | 236.00 | NOTE | |
r-patched-linux-x86_64 | 3.1.4 | 16.18 | 137.61 | 153.79 | NOTE | |
r-release-linux-x86_64 | 3.1.4 | 14.38 | 138.18 | 152.56 | NOTE | |
r-release-macos-arm64 | 3.1.4 | 112.00 | OK | |||
r-release-macos-x86_64 | 3.1.4 | 162.00 | OK | |||
r-release-windows-x86_64 | 3.1.4 | 23.00 | 176.00 | 199.00 | NOTE | |
r-oldrel-macos-arm64 | 3.1.4 | 71.00 | OK | |||
r-oldrel-macos-x86_64 | 3.1.4 | 112.00 | OK | |||
r-oldrel-windows-x86_64 | 3.1.4 | 26.00 | 253.00 | 279.00 | OK |
Version: 3.1.4
Check: Rd cross-references
Result: NOTE
Found the following Rd file(s) with Rd \link{} targets missing package
anchors:
dotDensityLayer.Rd: st_sample
Please provide package anchors for all Rd \link{} targets not in the
package itself and the base packages.
Flavors: r-devel-linux-x86_64-debian-clang, r-devel-linux-x86_64-debian-gcc, r-devel-windows-x86_64, r-patched-linux-x86_64, r-release-linux-x86_64, r-release-windows-x86_64