Last updated on 2025-05-22 05:50:57 CEST.
Flavor | Version | Tinstall | Tcheck | Ttotal | Status | Flags |
---|---|---|---|---|---|---|
r-devel-linux-x86_64-debian-clang | 0.6.0 | 2.72 | 22.72 | 25.44 | OK | |
r-devel-linux-x86_64-debian-gcc | 0.6.0 | 2.04 | 17.68 | 19.72 | OK | |
r-devel-linux-x86_64-fedora-clang | 0.6.0 | 40.05 | OK | |||
r-devel-linux-x86_64-fedora-gcc | 0.6.0 | 38.28 | OK | |||
r-devel-windows-x86_64 | 0.6.0 | 5.00 | 62.00 | 67.00 | OK | |
r-patched-linux-x86_64 | 0.6.0 | 2.92 | 21.86 | 24.78 | OK | |
r-release-linux-x86_64 | 0.6.0 | 2.64 | 22.20 | 24.84 | OK | |
r-release-macos-arm64 | 0.6.0 | 22.00 | OK | |||
r-release-macos-x86_64 | 0.6.0 | 31.00 | OK | |||
r-release-windows-x86_64 | 0.6.0 | 5.00 | 81.00 | 86.00 | OK | |
r-oldrel-macos-arm64 | 0.6.0 | 20.00 | NOTE | |||
r-oldrel-macos-x86_64 | 0.6.0 | 27.00 | NOTE | |||
r-oldrel-windows-x86_64 | 0.6.0 | 5.00 | 52.00 | 57.00 | NOTE |
Version: 0.6.0
Check: LazyData
Result: NOTE
'LazyData' is specified without a 'data' directory
Flavors: r-oldrel-macos-arm64, r-oldrel-macos-x86_64, r-oldrel-windows-x86_64