Last updated on 2025-05-22 05:50:57 CEST.
Flavor | Version | Tinstall | Tcheck | Ttotal | Status | Flags |
---|---|---|---|---|---|---|
r-devel-linux-x86_64-debian-clang | 0.1.0 | 1.52 | 20.70 | 22.22 | OK | |
r-devel-linux-x86_64-debian-gcc | 0.1.0 | 1.37 | 17.01 | 18.38 | OK | |
r-devel-linux-x86_64-fedora-clang | 0.1.0 | 33.37 | OK | |||
r-devel-linux-x86_64-fedora-gcc | 0.1.0 | 31.71 | OK | |||
r-devel-windows-x86_64 | 0.1.0 | 4.00 | 58.00 | 62.00 | OK | |
r-patched-linux-x86_64 | 0.1.0 | 1.80 | 19.01 | 20.81 | OK | |
r-release-linux-x86_64 | 0.1.0 | 1.68 | 18.96 | 20.64 | OK | |
r-release-macos-arm64 | 0.1.0 | 18.00 | OK | |||
r-release-macos-x86_64 | 0.1.0 | 25.00 | OK | |||
r-release-windows-x86_64 | 0.1.0 | 3.00 | 67.00 | 70.00 | OK | |
r-oldrel-macos-arm64 | 0.1.0 | 17.00 | NOTE | |||
r-oldrel-macos-x86_64 | 0.1.0 | 23.00 | NOTE | |||
r-oldrel-windows-x86_64 | 0.1.0 | 4.00 | 44.00 | 48.00 | NOTE |
Version: 0.1.0
Check: LazyData
Result: NOTE
'LazyData' is specified without a 'data' directory
Flavors: r-oldrel-macos-arm64, r-oldrel-macos-x86_64, r-oldrel-windows-x86_64