Last updated on 2025-05-22 05:50:56 CEST.
Flavor | Version | Tinstall | Tcheck | Ttotal | Status | Flags |
---|---|---|---|---|---|---|
r-devel-linux-x86_64-debian-clang | 1.2-1 | 16.84 | 39.18 | 56.02 | NOTE | |
r-devel-linux-x86_64-debian-gcc | 1.2-1 | 10.30 | 28.07 | 38.37 | NOTE | |
r-devel-linux-x86_64-fedora-clang | 1.2-1 | 80.46 | OK | |||
r-devel-linux-x86_64-fedora-gcc | 1.2-1 | 77.19 | OK | |||
r-devel-windows-x86_64 | 1.2-1 | 27.00 | 72.00 | 99.00 | OK | |
r-patched-linux-x86_64 | 1.2-1 | 12.69 | 36.07 | 48.76 | OK | |
r-release-linux-x86_64 | 1.2-1 | 12.20 | 36.46 | 48.66 | OK | |
r-release-macos-arm64 | 1.2-1 | 34.00 | OK | |||
r-release-macos-x86_64 | 1.2-1 | 71.00 | OK | |||
r-release-windows-x86_64 | 1.2-1 | 26.00 | 66.00 | 92.00 | OK | |
r-oldrel-macos-arm64 | 1.2-1 | 36.00 | OK | |||
r-oldrel-macos-x86_64 | 1.2-1 | 37.00 | OK | |||
r-oldrel-windows-x86_64 | 1.2-1 | 25.00 | 62.00 | 87.00 | OK |
Version: 1.2-1
Check: CRAN incoming feasibility
Result: NOTE
Maintainer: ‘M. Helena Goncalves <mhgoncal@ualg.pt>’
No Authors@R field in DESCRIPTION.
Please add one, modifying
Authors@R: c(person(given = c("M.", "Helena"),
family = "Goncalves",
role = c("aut", "cre"),
email = "mhgoncal@ualg.pt"),
person(given = c("M.", "Salome"),
family = "Cabral",
role = "aut"),
person(given = "Adelchi",
family = "Azzalini",
role = "aut"),
person(given = c("apart", "from", "a", "set", "of", "Fortran-77", "subroutines", "written", "by", "R."),
family = "Piessens",
role = "aut"),
person(given = "E.",
family = "de Doncker",
role = "aut"),
person(given = c("belonging", "to", "the", "suite"),
family = "\"Quadpack\".",
role = "aut"))
as necessary.
Flavors: r-devel-linux-x86_64-debian-clang, r-devel-linux-x86_64-debian-gcc