Last updated on 2025-10-29 05:50:07 CET.
| Flavor | Version | Tinstall | Tcheck | Ttotal | Status | Flags | 
|---|---|---|---|---|---|---|
| r-devel-linux-x86_64-debian-clang | 0.4-4 | 10.23 | 65.45 | 75.68 | NOTE | |
| r-devel-linux-x86_64-debian-gcc | 0.4-4 | 6.89 | 44.10 | 50.99 | NOTE | |
| r-devel-linux-x86_64-fedora-clang | 0.4-4 | 48.00 | 72.62 | 120.62 | OK | |
| r-devel-linux-x86_64-fedora-gcc | 0.4-4 | 23.00 | 86.68 | 109.68 | OK | |
| r-devel-windows-x86_64 | 0.4-4 | 11.00 | 82.00 | 93.00 | OK | |
| r-patched-linux-x86_64 | 0.4-4 | 11.80 | 61.57 | 73.37 | OK | |
| r-release-linux-x86_64 | 0.4-4 | 10.26 | 61.24 | 71.50 | OK | |
| r-release-macos-arm64 | 0.4-4 | 4.00 | 27.00 | 31.00 | OK | |
| r-release-macos-x86_64 | 0.4-4 | 9.00 | 59.00 | 68.00 | OK | |
| r-release-windows-x86_64 | 0.4-4 | 15.00 | 77.00 | 92.00 | OK | |
| r-oldrel-macos-arm64 | 0.4-4 | 4.00 | 25.00 | 29.00 | OK | |
| r-oldrel-macos-x86_64 | 0.4-4 | 7.00 | 39.00 | 46.00 | OK | |
| r-oldrel-windows-x86_64 | 0.4-4 | 16.00 | 85.00 | 101.00 | OK | 
Version: 0.4-4
Check: CRAN incoming feasibility
Result: NOTE
  Maintainer: ‘Christian Graul <christian.graul@gmail.com>’
  
  No Authors@R field in DESCRIPTION.
  Please add one, modifying
    Authors@R: c(person(given = "Christian",
                        family = "Graul",
                        role = c("aut", "cre"),
                        email = "christian.graul@gmail.com"),
                 person(given = "Carsten",
                        family = "Poppinga",
                        role = "aut"))
  as necessary.
Flavors: r-devel-linux-x86_64-debian-clang, r-devel-linux-x86_64-debian-gcc