Last updated on 2025-05-22 05:50:56 CEST.
Flavor | Version | Tinstall | Tcheck | Ttotal | Status | Flags |
---|---|---|---|---|---|---|
r-devel-linux-x86_64-debian-clang | 1.3 | 5.13 | 50.09 | 55.22 | OK | |
r-devel-linux-x86_64-debian-gcc | 1.3 | 3.16 | 37.97 | 41.13 | OK | |
r-devel-linux-x86_64-fedora-clang | 1.3 | 87.20 | NOTE | |||
r-devel-linux-x86_64-fedora-gcc | 1.3 | 95.62 | NOTE | |||
r-devel-windows-x86_64 | 1.3 | 7.00 | 73.00 | 80.00 | OK | |
r-patched-linux-x86_64 | 1.3 | 4.55 | 48.37 | 52.92 | OK | |
r-release-linux-x86_64 | 1.3 | 4.63 | 47.71 | 52.34 | OK | |
r-release-macos-arm64 | 1.3 | 36.00 | OK | |||
r-release-macos-x86_64 | 1.3 | 61.00 | OK | |||
r-release-windows-x86_64 | 1.3 | 9.00 | 73.00 | 82.00 | OK | |
r-oldrel-macos-arm64 | 1.3 | 34.00 | OK | |||
r-oldrel-macos-x86_64 | 1.3 | 68.00 | OK | |||
r-oldrel-windows-x86_64 | 1.3 | 8.00 | 78.00 | 86.00 | OK |
Version: 1.3
Check: dependencies in R code
Result: NOTE
Namespaces in Imports field not imported from:
‘DT’ ‘bslib’ ‘rclipboard’ ‘rmarkdown’
All declared Imports should be used.
Flavors: r-devel-linux-x86_64-fedora-clang, r-devel-linux-x86_64-fedora-gcc