Last updated on 2025-05-22 05:50:56 CEST.
Flavor | Version | Tinstall | Tcheck | Ttotal | Status | Flags |
---|---|---|---|---|---|---|
r-devel-linux-x86_64-debian-clang | 0.1-8 | 10.62 | 90.27 | 100.89 | NOTE | |
r-devel-linux-x86_64-debian-gcc | 0.1-8 | 7.22 | 67.17 | 74.39 | NOTE | |
r-devel-linux-x86_64-fedora-clang | 0.1-8 | 151.89 | OK | |||
r-devel-linux-x86_64-fedora-gcc | 0.1-8 | 145.28 | OK | |||
r-devel-windows-x86_64 | 0.1-8 | 11.00 | 109.00 | 120.00 | OK | |
r-patched-linux-x86_64 | 0.1-8 | 11.05 | 83.75 | 94.80 | OK | |
r-release-linux-x86_64 | 0.1-8 | 10.47 | 82.77 | 93.24 | OK | |
r-release-macos-arm64 | 0.1-8 | 52.00 | OK | |||
r-release-macos-x86_64 | 0.1-8 | 103.00 | OK | |||
r-release-windows-x86_64 | 0.1-8 | 11.00 | 142.00 | 153.00 | OK | |
r-oldrel-macos-arm64 | 0.1-8 | 46.00 | OK | |||
r-oldrel-macos-x86_64 | 0.1-8 | 66.00 | OK | |||
r-oldrel-windows-x86_64 | 0.1-8 | 14.00 | 120.00 | 134.00 | OK |
Version: 0.1-8
Check: CRAN incoming feasibility
Result: NOTE
Maintainer: ‘Michael Hahsler <mhahsler@lyle.smu.edu>’
The BugReports field in DESCRIPTION has
https://github.com/mhahsler/arulesNBMiner
which should likely be
https://github.com/mhahsler/arulesNBMiner/issues
instead.
Flavors: r-devel-linux-x86_64-debian-clang, r-devel-linux-x86_64-debian-gcc