Last updated on 2025-05-22 05:50:56 CEST.
Flavor | Version | Tinstall | Tcheck | Ttotal | Status | Flags |
---|---|---|---|---|---|---|
r-devel-linux-x86_64-debian-clang | 1.2-1 | 1.61 | 32.47 | 34.08 | NOTE | |
r-devel-linux-x86_64-debian-gcc | 1.2-1 | 1.30 | 24.95 | 26.25 | NOTE | |
r-devel-linux-x86_64-fedora-clang | 1.2-1 | 47.54 | ERROR | |||
r-devel-linux-x86_64-fedora-gcc | 1.2-1 | 52.47 | OK | |||
r-devel-windows-x86_64 | 1.2-1 | 3.00 | 90.00 | 93.00 | OK | |
r-patched-linux-x86_64 | 1.2-1 | 2.41 | 30.99 | 33.40 | OK | |
r-release-linux-x86_64 | 1.2-1 | 1.61 | 31.14 | 32.75 | OK | |
r-release-macos-arm64 | 1.2-1 | 28.00 | OK | |||
r-release-macos-x86_64 | 1.2-1 | 39.00 | OK | |||
r-release-windows-x86_64 | 1.2-1 | 3.00 | 71.00 | 74.00 | OK | |
r-oldrel-macos-arm64 | 1.2-1 | 29.00 | OK | |||
r-oldrel-macos-x86_64 | 1.2-1 | 34.00 | OK | |||
r-oldrel-windows-x86_64 | 1.2-1 | 3.00 | 78.00 | 81.00 | OK |
Version: 1.2-1
Check: CRAN incoming feasibility
Result: NOTE
Maintainer: ‘David L. Carlson <dcarlson@tamu.edu>’
No Authors@R field in DESCRIPTION.
Please add one, modifying
Authors@R: c(person(given = c("David", "L."),
family = "Carlson",
role = c("aut", "cre"),
email = "dcarlson@tamu.edu"),
person(given = "Georg",
family = "Roth",
role = "ctb"))
as necessary.
Flavors: r-devel-linux-x86_64-debian-clang, r-devel-linux-x86_64-debian-gcc
Version: 1.2-1
Check: PDF version of manual
Result: WARN
LaTeX errors when creating PDF version.
This typically indicates Rd problems.
Flavor: r-devel-linux-x86_64-fedora-clang
Version: 1.2-1
Check: PDF version of manual without index
Result: ERROR
Re-running with no redirection of stdout/stderr.
Flavor: r-devel-linux-x86_64-fedora-clang
Version: 1.2-1
Check: for non-standard things in the check directory
Result: NOTE
Found the following files/directories:
‘archdata-manual.tex’
Flavor: r-devel-linux-x86_64-fedora-clang