Last updated on 2025-05-22 05:50:55 CEST.
Flavor | Version | Tinstall | Tcheck | Ttotal | Status | Flags |
---|---|---|---|---|---|---|
r-devel-linux-x86_64-debian-clang | 1.0.7.2 | 4.21 | 40.05 | 44.26 | OK | |
r-devel-linux-x86_64-debian-gcc | 1.0.7.2 | 2.47 | 29.64 | 32.11 | OK | |
r-devel-linux-x86_64-fedora-clang | 1.0.7.2 | 67.81 | OK | |||
r-devel-linux-x86_64-fedora-gcc | 1.0.7.2 | 64.79 | OK | |||
r-devel-windows-x86_64 | 1.0.7.2 | 6.00 | 93.00 | 99.00 | OK | |
r-patched-linux-x86_64 | 1.0.7.2 | 6.34 | 37.63 | 43.97 | OK | |
r-release-linux-x86_64 | 1.0.7.2 | 4.57 | 38.16 | 42.73 | OK | |
r-release-macos-arm64 | 1.0.7.2 | 30.00 | OK | |||
r-release-macos-x86_64 | 1.0.7.2 | 54.00 | OK | |||
r-release-windows-x86_64 | 1.0.7.2 | 7.00 | 121.00 | 128.00 | OK | |
r-oldrel-macos-arm64 | 1.0.7.2 | 25.00 | OK | |||
r-oldrel-macos-x86_64 | 1.0.7.2 | 34.00 | NOTE | |||
r-oldrel-windows-x86_64 | 1.0.7.2 | 8.00 | 82.00 | 90.00 | OK |
Version: 1.0.7.2
Check: package dependencies
Result: NOTE
Package suggested but not available for checking: ‘arrow’
Flavor: r-oldrel-macos-x86_64