Last updated on 2025-05-22 05:50:55 CEST.
Flavor | Version | Tinstall | Tcheck | Ttotal | Status | Flags |
---|---|---|---|---|---|---|
r-devel-linux-x86_64-debian-clang | 0.1.4 | 17.43 | 158.74 | 176.17 | OK | |
r-devel-linux-x86_64-debian-gcc | 0.1.4 | 13.36 | 113.60 | 126.96 | OK | |
r-devel-linux-x86_64-fedora-clang | 0.1.4 | 273.69 | ERROR | |||
r-devel-linux-x86_64-fedora-gcc | 0.1.4 | 273.60 | OK | |||
r-devel-windows-x86_64 | 0.1.4 | 18.00 | 153.00 | 171.00 | OK | |
r-patched-linux-x86_64 | 0.1.4 | 16.44 | 146.30 | 162.74 | OK | |
r-release-linux-x86_64 | 0.1.4 | 15.33 | 146.29 | 161.62 | OK | |
r-release-macos-arm64 | 0.1.4 | 77.00 | OK | |||
r-release-macos-x86_64 | 0.1.4 | 150.00 | OK | |||
r-release-windows-x86_64 | 0.1.4 | 17.00 | 156.00 | 173.00 | OK | |
r-oldrel-macos-arm64 | 0.1.4 | 84.00 | OK | |||
r-oldrel-macos-x86_64 | 0.1.4 | 177.00 | OK | |||
r-oldrel-windows-x86_64 | 0.1.4 | 23.00 | 206.00 | 229.00 | OK |
Version: 0.1.4
Check: PDF version of manual
Result: WARN
LaTeX errors when creating PDF version.
This typically indicates Rd problems.
Flavor: r-devel-linux-x86_64-fedora-clang
Version: 0.1.4
Check: PDF version of manual without index
Result: ERROR
Re-running with no redirection of stdout/stderr.
Flavor: r-devel-linux-x86_64-fedora-clang
Version: 0.1.4
Check: for non-standard things in the check directory
Result: NOTE
Found the following files/directories:
‘agua-manual.tex’
Flavor: r-devel-linux-x86_64-fedora-clang