CRAN Package Check Results for Package aftables

Last updated on 2025-05-22 05:50:55 CEST.

Flavor Version Tinstall Tcheck Ttotal Status Flags
r-devel-linux-x86_64-debian-clang 1.0.2 4.17 54.27 58.44 NOTE
r-devel-linux-x86_64-debian-gcc 1.0.2 2.83 41.12 43.95 NOTE
r-devel-linux-x86_64-fedora-clang 1.0.2 89.84 NOTE
r-devel-linux-x86_64-fedora-gcc 1.0.2 97.89 NOTE
r-devel-windows-x86_64 1.0.2 7.00 103.00 110.00 NOTE
r-patched-linux-x86_64 1.0.2 4.28 50.07 54.35 NOTE
r-release-linux-x86_64 1.0.2 4.42 49.45 53.87 NOTE
r-release-macos-arm64 1.0.2 43.00 NOTE
r-release-macos-x86_64 1.0.2 80.00 NOTE
r-release-windows-x86_64 1.0.2 7.00 105.00 112.00 NOTE
r-oldrel-macos-arm64 1.0.2 42.00 OK
r-oldrel-macos-x86_64 1.0.2 134.00 OK
r-oldrel-windows-x86_64 1.0.2 9.00 84.00 93.00 OK

Check Details

Version: 1.0.2
Check: DESCRIPTION meta-information
Result: NOTE Missing dependency on R >= 4.1.0 because package code uses the pipe |> or function shorthand \(...) syntax added in R 4.1.0. File(s) using such syntax: ‘generate_workbook.Rd’ Flavors: r-devel-linux-x86_64-debian-clang, r-devel-linux-x86_64-debian-gcc, r-devel-linux-x86_64-fedora-clang, r-devel-linux-x86_64-fedora-gcc, r-devel-windows-x86_64, r-patched-linux-x86_64, r-release-linux-x86_64, r-release-macos-arm64, r-release-macos-x86_64, r-release-windows-x86_64