Last updated on 2025-05-22 05:50:55 CEST.
Flavor | Version | Tinstall | Tcheck | Ttotal | Status | Flags |
---|---|---|---|---|---|---|
r-devel-linux-x86_64-debian-clang | 1.2.0 | 9.06 | 74.80 | 83.86 | OK | |
r-devel-linux-x86_64-debian-gcc | 1.2.0 | 6.43 | 53.16 | 59.59 | OK | |
r-devel-linux-x86_64-fedora-clang | 1.2.0 | 131.64 | NOTE | |||
r-devel-linux-x86_64-fedora-gcc | 1.2.0 | 138.01 | NOTE | |||
r-devel-windows-x86_64 | 1.2.0 | 13.00 | 116.00 | 129.00 | OK | |
r-patched-linux-x86_64 | 1.2.0 | 8.96 | 70.20 | 79.16 | OK | |
r-release-linux-x86_64 | 1.2.0 | 8.63 | 70.13 | 78.76 | OK | |
r-release-macos-arm64 | 1.2.0 | 51.00 | OK | |||
r-release-macos-x86_64 | 1.2.0 | 94.00 | OK | |||
r-release-windows-x86_64 | 1.2.0 | 13.00 | 130.00 | 143.00 | OK | |
r-oldrel-macos-arm64 | 1.2.0 | 55.00 | OK | |||
r-oldrel-macos-x86_64 | 1.2.0 | 95.00 | OK | |||
r-oldrel-windows-x86_64 | 1.2.0 | 17.00 | 111.00 | 128.00 | OK |
Version: 1.2.0
Check: dependencies in R code
Result: NOTE
Namespace in Imports field not imported from: ‘cli’
All declared Imports should be used.
Flavors: r-devel-linux-x86_64-fedora-clang, r-devel-linux-x86_64-fedora-gcc