Last updated on 2025-05-22 05:50:55 CEST.
Flavor | Version | Tinstall | Tcheck | Ttotal | Status | Flags |
---|---|---|---|---|---|---|
r-devel-linux-x86_64-debian-clang | 1.0 | 60.24 | 65.60 | 125.84 | OK | |
r-devel-linux-x86_64-debian-gcc | 1.0 | 35.73 | 48.04 | 83.77 | OK | |
r-devel-linux-x86_64-fedora-clang | 1.0 | 190.17 | OK | |||
r-devel-linux-x86_64-fedora-gcc | 1.0 | 202.91 | OK | |||
r-devel-windows-x86_64 | 1.0 | 53.00 | 111.00 | 164.00 | OK | |
r-patched-linux-x86_64 | 1.0 | 48.75 | 63.51 | 112.26 | OK | |
r-release-linux-x86_64 | 1.0 | 50.13 | 62.02 | 112.15 | OK | |
r-release-macos-arm64 | 1.0 | 64.00 | OK | |||
r-release-macos-x86_64 | 1.0 | 145.00 | OK | |||
r-release-windows-x86_64 | 1.0 | 53.00 | 118.00 | 171.00 | OK | |
r-oldrel-macos-arm64 | 1.0 | 54.00 | NOTE | |||
r-oldrel-macos-x86_64 | 1.0 | 73.00 | NOTE | |||
r-oldrel-windows-x86_64 | 1.0 | 64.00 | 112.00 | 176.00 | OK |
Version: 1.0
Check: installed package size
Result: NOTE
installed size is 6.3Mb
sub-directories of 1Mb or more:
libs 6.1Mb
Flavors: r-oldrel-macos-arm64, r-oldrel-macos-x86_64