CRAN Package Check Results for Package adestr

Last updated on 2025-05-22 05:50:55 CEST.

Flavor Version Tinstall Tcheck Ttotal Status Flags
r-devel-linux-x86_64-debian-clang 1.0.0 27.13 240.24 267.37 NOTE
r-devel-linux-x86_64-debian-gcc 1.0.0 18.03 139.86 157.89 NOTE
r-devel-linux-x86_64-fedora-clang 1.0.0 417.08 NOTE
r-devel-linux-x86_64-fedora-gcc 1.0.0 411.60 NOTE
r-devel-windows-x86_64 1.0.0 28.00 218.00 246.00 NOTE
r-patched-linux-x86_64 1.0.0 24.81 221.58 246.39 NOTE
r-release-linux-x86_64 1.0.0 25.28 222.30 247.58 NOTE
r-release-macos-arm64 1.0.0 100.00 NOTE
r-release-macos-x86_64 1.0.0 181.00 NOTE
r-release-windows-x86_64 1.0.0 30.00 216.00 246.00 NOTE
r-oldrel-macos-arm64 1.0.0 64.00 OK
r-oldrel-macos-x86_64 1.0.0 134.00 OK
r-oldrel-windows-x86_64 1.0.0 40.00 267.00 307.00 OK

Check Details

Version: 1.0.0
Check: DESCRIPTION meta-information
Result: NOTE Missing dependency on R >= 4.1.0 because package code uses the pipe |> or function shorthand \(...) syntax added in R 4.1.0. File(s) using such syntax: ‘IntervalEstimator-class.Rd’ ‘PValue-class.Rd’ ‘PointEstimator-class.Rd’ ‘analyze.R’ ‘estimators.R’ ‘evaluate_estimator.R’ ‘fisher_information.R’ ‘integrate_over_sample_space.R’ ‘mle_distribution.R’ ‘n2c2_helpers.R’ ‘plot.R’ ‘print.R’ ‘reference_implementation.R’ Flavors: r-devel-linux-x86_64-debian-clang, r-devel-linux-x86_64-debian-gcc, r-devel-linux-x86_64-fedora-clang, r-devel-linux-x86_64-fedora-gcc, r-devel-windows-x86_64, r-patched-linux-x86_64, r-release-linux-x86_64, r-release-macos-arm64, r-release-windows-x86_64

Version: 1.0.0
Check: DESCRIPTION meta-information
Result: NOTE Missing dependency on R >= 4.1.0 because package code uses the pipe |> or function shorthand \(...) syntax added in R 4.1.0. File(s) using such syntax: ‘analyze.R’ ‘estimators.R’ ‘evaluate_estimator.R’ ‘fisher_information.R’ ‘integrate_over_sample_space.R’ ‘mle_distribution.R’ ‘n2c2_helpers.R’ ‘plot.R’ ‘print.R’ ‘reference_implementation.R’ Flavor: r-release-macos-x86_64