Last updated on 2025-05-22 05:50:55 CEST.
Flavor | Version | Tinstall | Tcheck | Ttotal | Status | Flags |
---|---|---|---|---|---|---|
r-devel-linux-x86_64-debian-clang | 3.0 | 10.79 | 85.35 | 96.14 | NOTE | |
r-devel-linux-x86_64-debian-gcc | 3.0 | 6.82 | 61.78 | 68.60 | NOTE | |
r-devel-linux-x86_64-fedora-clang | 3.0 | 145.79 | OK | |||
r-devel-linux-x86_64-fedora-gcc | 3.0 | 140.84 | OK | |||
r-devel-windows-x86_64 | 3.0 | 13.00 | 121.00 | 134.00 | OK | |
r-patched-linux-x86_64 | 3.0 | 9.57 | 80.56 | 90.13 | OK | |
r-release-linux-x86_64 | 3.0 | 9.58 | 79.49 | 89.07 | OK | |
r-release-macos-arm64 | 3.0 | 48.00 | OK | |||
r-release-macos-x86_64 | 3.0 | 100.00 | OK | |||
r-release-windows-x86_64 | 3.0 | 11.00 | 130.00 | 141.00 | OK | |
r-oldrel-macos-arm64 | 3.0 | 39.00 | NOTE | |||
r-oldrel-macos-x86_64 | 3.0 | 70.00 | NOTE | |||
r-oldrel-windows-x86_64 | 3.0 | 14.00 | 119.00 | 133.00 | NOTE |
Version: 3.0
Check: CRAN incoming feasibility
Result: NOTE
Maintainer: ‘Mark W. Donoghoe <markdonoghoe@gmail.com>’
Package CITATION file contains call(s) to old-style personList() or
as.personList(). Please use c() on person objects instead.
Package CITATION file contains call(s) to old-style citEntry(). Please
use bibentry() instead.
Flavors: r-devel-linux-x86_64-debian-clang, r-devel-linux-x86_64-debian-gcc
Version: 3.0
Check: LazyData
Result: NOTE
'LazyData' is specified without a 'data' directory
Flavors: r-oldrel-macos-arm64, r-oldrel-macos-x86_64, r-oldrel-windows-x86_64